{"id":1581,"date":"2020-01-30T16:20:46","date_gmt":"2020-01-30T16:20:46","guid":{"rendered":"https:\/\/avanzapesaje.space\/?post_type=product&#038;p=1581"},"modified":"2020-01-30T16:22:45","modified_gmt":"2020-01-30T16:22:45","slug":"basculas-ohaus-defender-5000-d52p50rtr5","status":"publish","type":"product","link":"https:\/\/balanzasybasculas.com.co\/?product=basculas-ohaus-defender-5000-d52p50rtr5","title":{"rendered":"Basculas Ohaus Defender 5000 D52P50RTR5"},"content":{"rendered":"<p>La b\u00e1scula multifunci\u00f3n de mesa de la serie Defender 5000 de \u00faltima generaci\u00f3n de OHAUS es ideal para diversas aplicaciones, entre las que se incluyen la producci\u00f3n, el embalaje, el inventario y el env\u00edo. Construida de forma duradera y equipada con funciones avanzadas como salida de impresi\u00f3n de m\u00e1xima configurabilidad, salida de datos GMP\/GLP, gesti\u00f3n de bibliotecas\/usuarios y m\u00faltiples opciones de conectividad, la serie Defender 5000 est\u00e1 dise\u00f1ada para simplificar las exigentes aplicaciones industriales y comerciales.<\/p>\n","protected":false},"excerpt":{"rendered":"<div class=\"col-sm-16\">\n<div class=\"model-section-header\"><strong>ESPECIFICACIONES<\/strong><\/div>\n<\/div>\n<div class=\"col-sm-16\">\n<table class=\"spec-table\">\n<tbody>\n<tr>\n<td>Capacidad m\u00e1x.<\/td>\n<td>50 kg<\/td>\n<\/tr>\n<tr>\n<td>Lectura m\u00ednima<\/td>\n<td>2 g<\/td>\n<\/tr>\n<tr>\n<td>Lectura m\u00edn. (certificada)<\/td>\n<td>10 g<\/td>\n<\/tr>\n<tr>\n<td>Tama\u00f1o de la plataforma (LxA)<\/td>\n<td>355 mm x 305 mm<\/td>\n<\/tr>\n<tr>\n<td>Legal para comercio<\/td>\n<td>Aprobada por Medidas de Canad\u00e1;\u00a0 Certificaci\u00f3n del NTEP<\/td>\n<\/tr>\n<tr>\n<td>Electricidad<\/td>\n<td>Alimentaci\u00f3n CA (incluida);\u00a0 Bater\u00eda recargable (no incluida)<\/td>\n<\/tr>\n<tr>\n<td>Duraci\u00f3n de la bater\u00eda<\/td>\n<td>20 horas con bater\u00eda recargable<\/td>\n<\/tr>\n<tr>\n<td>Comunicaci\u00f3n<\/td>\n<td>RS232 (incluido);\u00a0 2.\u00ba RS232\/RS485\/USB (disponible como accesorio);\u00a0 Host USB (disponible como accesorio);\u00a0 WiFi\/Bluetooth (disponible como accesorio);\u00a0 Ethernet (disponible como accesorio)<\/td>\n<\/tr>\n<tr>\n<td>Dimensiones<\/td>\n<td>118 mm x 638 mm x 305 mm<\/td>\n<\/tr>\n<tr>\n<td>Pantalla<\/td>\n<td>LCD de matriz de puntos con retroiluminaci\u00f3n LED blanca<\/td>\n<\/tr>\n<tr>\n<td>Peso neto<\/td>\n<td>10 kg<\/td>\n<\/tr>\n<tr>\n<td>Salidas<\/td>\n<td>E\/S digitales 2 entradas\/4 salidas;\u00a0 4\uff5e20\u00a0\u00a0 mA<\/td>\n<\/tr>\n<tr>\n<td>Material de la plataforma<\/td>\n<td>Acero inoxidable<\/td>\n<\/tr>\n<tr>\n<td>Grado de protecci\u00f3n<\/td>\n<td>No aplica<\/td>\n<\/tr>\n<tr>\n<td>Puerto para segunda b\u00e1scula<\/td>\n<td>No aplica<\/td>\n<\/tr>\n<tr>\n<td>Rango de tara<\/td>\n<td>Para capacidad por diferencia<\/td>\n<\/tr>\n<tr>\n<td>Unidades de medida<\/td>\n<td>Personalizado;\u00a0 Gramo;\u00a0 Kilogramo;\u00a0 Toneladas m\u00e9tricas;\u00a0 Onza;\u00a0 Libra;\u00a0 Libra: onza;\u00a0 Tonelada<\/td>\n<\/tr>\n<tr>\n<td>Ambiente de trabajo<\/td>\n<td>-10\u00a0\u00a0 \u00b0C \u2013 40\u00a0\u00a0 \u00b0C, 80\u00a0\u00a0 % de HR, sin condensaci\u00f3n<\/td>\n<\/tr>\n<\/tbody>\n<\/table>\n<\/div>\n","protected":false},"featured_media":1582,"comment_status":"open","ping_status":"closed","template":"","meta":[],"product_brand":[],"product_cat":[131,129,128,122,118],"product_tag":[],"class_list":{"0":"post-1581","1":"product","2":"type-product","3":"status-publish","4":"has-post-thumbnail","6":"product_cat-bascula-defender-5000-ohaus","7":"product_cat-basculas-defender-ohaus","8":"product_cat-basculas-industriales-ohaus","9":"product_cat-basculas-lavables-ohaus","10":"product_cat-basculas-ohaus","12":"first","13":"instock","14":"shipping-taxable","15":"product-type-simple"},"_links":{"self":[{"href":"https:\/\/balanzasybasculas.com.co\/index.php?rest_route=\/wp\/v2\/product\/1581","targetHints":{"allow":["GET"]}}],"collection":[{"href":"https:\/\/balanzasybasculas.com.co\/index.php?rest_route=\/wp\/v2\/product"}],"about":[{"href":"https:\/\/balanzasybasculas.com.co\/index.php?rest_route=\/wp\/v2\/types\/product"}],"replies":[{"embeddable":true,"href":"https:\/\/balanzasybasculas.com.co\/index.php?rest_route=%2Fwp%2Fv2%2Fcomments&post=1581"}],"wp:featuredmedia":[{"embeddable":true,"href":"https:\/\/balanzasybasculas.com.co\/index.php?rest_route=\/wp\/v2\/media\/1582"}],"wp:attachment":[{"href":"https:\/\/balanzasybasculas.com.co\/index.php?rest_route=%2Fwp%2Fv2%2Fmedia&parent=1581"}],"wp:term":[{"taxonomy":"product_brand","embeddable":true,"href":"https:\/\/balanzasybasculas.com.co\/index.php?rest_route=%2Fwp%2Fv2%2Fproduct_brand&post=1581"},{"taxonomy":"product_cat","embeddable":true,"href":"https:\/\/balanzasybasculas.com.co\/index.php?rest_route=%2Fwp%2Fv2%2Fproduct_cat&post=1581"},{"taxonomy":"product_tag","embeddable":true,"href":"https:\/\/balanzasybasculas.com.co\/index.php?rest_route=%2Fwp%2Fv2%2Fproduct_tag&post=1581"}],"curies":[{"name":"wp","href":"https:\/\/api.w.org\/{rel}","templated":true}]}}