{"id":1821,"date":"2020-02-05T14:08:03","date_gmt":"2020-02-05T14:08:03","guid":{"rendered":"https:\/\/avanzapesaje.space\/?post_type=product&#038;p=1821"},"modified":"2020-02-05T14:08:05","modified_gmt":"2020-02-05T14:08:05","slug":"analizador-de-humedad-ohaus-mb120","status":"publish","type":"product","link":"https:\/\/balanzasybasculas.com.co\/?product=analizador-de-humedad-ohaus-mb120","title":{"rendered":"Analizador de Humedad Ohaus MB120"},"content":{"rendered":"<p><span>La humedad afecta todo lo que usamos a diario.\u00a0<\/span><span>Es por eso que en muchos casos es importante poder determinar con precisi\u00f3n el contenido de humedad de las muestras.\u00a0<\/span><span>Equipado para manejar mediciones rutinarias y sofisticadas, nuestro analizador de humedad insignia MB120 hace que todo el proceso sea m\u00e1s r\u00e1pido, m\u00e1s f\u00e1cil y m\u00e1s eficiente.\u00a0<\/span><span>El MB120 le permite analizar m\u00e1s muestras, acceder a datos guardados y pasar menos tiempo preparando y m\u00e1s tiempo poniendo sus resultados a trabajar.<\/span><\/p>\n","protected":false},"excerpt":{"rendered":"<div class=\"col-sm-16\">\n<div class=\"model-section-header\"><strong>ESPECIFICACIONES<\/strong><\/div>\n<\/div>\n<div class=\"col-sm-16\">\n<table class=\"spec-table\">\n<tbody>\n<tr>\n<td><span>Maxima capacidad<\/span><\/td>\n<td><span>120 g<\/span><\/td>\n<\/tr>\n<tr>\n<td><span>Legibilidad Contenido de humedad<\/span><\/td>\n<td><span>1 mg \/ 0.01%<\/span><\/td>\n<\/tr>\n<tr>\n<td><span>Tama\u00f1o de la cacerola<\/span><\/td>\n<td><span>3,5 pulgadas (90 mm)<\/span><\/td>\n<\/tr>\n<tr>\n<td><span>Tipo de calentador<\/span><\/td>\n<td><span>L\u00e1mpara hal\u00f3gena<\/span><\/td>\n<\/tr>\n<tr>\n<td><span>Comunicaci\u00f3n<\/span><\/td>\n<td><span>Host USB x 2;\u00a0Dispositivo USB;\u00a0RS232<\/span><\/td>\n<\/tr>\n<tr>\n<td><span>Dimensiones<\/span><\/td>\n<td><span>7,09 pulgadas x 13,98 pulgadas x 8,31 pulgadas (180 mm x 355 mm x 211 mm)<\/span><\/td>\n<\/tr>\n<tr>\n<td><span>Monitor<\/span><\/td>\n<td><span>4,3 a todo color en pantalla t\u00e1ctil WQVGA<\/span><\/td>\n<\/tr>\n<tr>\n<td><span>Perfiles de calentamiento<\/span><\/td>\n<td><span>Est\u00e1ndar;\u00a0Rampa;\u00a0Paso;\u00a0R\u00e1pido<\/span><\/td>\n<\/tr>\n<tr>\n<td><span>Cubierta en uso<\/span><\/td>\n<td><span>Incluido<\/span><\/td>\n<\/tr>\n<tr>\n<td><span>Rango de humedad<\/span><\/td>\n<td><span>0% &#8211; 100%<\/span><\/td>\n<\/tr>\n<tr>\n<td><span>Peso neto<\/span><\/td>\n<td><span>11,53 libras (5,23 kg)<\/span><\/td>\n<\/tr>\n<tr>\n<td><span>Rango de operaci\u00f3n (temp.)<\/span><\/td>\n<td><span>10 \u00b0 C &#8211; 40 \u00b0 C<\/span><\/td>\n<\/tr>\n<tr>\n<td><span>Poder<\/span><\/td>\n<td><span>115 v, 60 Hz<\/span><\/td>\n<\/tr>\n<tr>\n<td><span>Tama\u00f1o de la muestra<\/span><\/td>\n<td><span>0.5 g &#8211; 120 g<\/span><\/td>\n<\/tr>\n<tr>\n<td><span>Criterios de cierre<\/span><\/td>\n<td><span>Manual;\u00a0Cronometrado;\u00a0Autom\u00e1tico &#8211; P\u00e9rdida de peso \/ tiempo preestablecido;\u00a0Personalizado &#8211; P\u00e9rdida de peso \/ tiempo establecido por el usuario;\u00a0Custom-User Set Humedad% P\u00e9rdida \/ Tiempo<\/span><\/td>\n<\/tr>\n<tr>\n<td><span>Rango de temperatura<\/span><\/td>\n<td><span>40 \u00b0 C &#8211; 230 \u00b0 C<\/span><\/td>\n<\/tr>\n<tr>\n<td><span>Biblioteca de prueba<\/span><\/td>\n<td><span>100<\/span><\/td>\n<\/tr>\n<tr>\n<td><span>Unidades de medida<\/span><\/td>\n<td><span>Gramo;\u00a0% MC;\u00a0% RG;\u00a0%CORRIENTE CONTINUA<\/span><\/td>\n<\/tr>\n<tr>\n<td><span>Ambiente de trabajo<\/span><\/td>\n<td><span>50 \u00b0 F &#8211; 104 \u00b0 F, 85% HR, sin condensaci\u00f3n (10 \u00b0 C &#8211; 40 \u00b0 C, 85% HR, sin condensaci\u00f3n)<\/span><\/td>\n<\/tr>\n<\/tbody>\n<\/table>\n<\/div>\n","protected":false},"featured_media":1823,"comment_status":"open","ping_status":"closed","template":"","meta":[],"product_brand":[],"product_cat":[161],"product_tag":[],"class_list":{"0":"post-1821","1":"product","2":"type-product","3":"status-publish","4":"has-post-thumbnail","6":"product_cat-analizadores-de-humedad-ohaus","8":"first","9":"instock","10":"shipping-taxable","11":"product-type-simple"},"_links":{"self":[{"href":"https:\/\/balanzasybasculas.com.co\/index.php?rest_route=\/wp\/v2\/product\/1821","targetHints":{"allow":["GET"]}}],"collection":[{"href":"https:\/\/balanzasybasculas.com.co\/index.php?rest_route=\/wp\/v2\/product"}],"about":[{"href":"https:\/\/balanzasybasculas.com.co\/index.php?rest_route=\/wp\/v2\/types\/product"}],"replies":[{"embeddable":true,"href":"https:\/\/balanzasybasculas.com.co\/index.php?rest_route=%2Fwp%2Fv2%2Fcomments&post=1821"}],"wp:featuredmedia":[{"embeddable":true,"href":"https:\/\/balanzasybasculas.com.co\/index.php?rest_route=\/wp\/v2\/media\/1823"}],"wp:attachment":[{"href":"https:\/\/balanzasybasculas.com.co\/index.php?rest_route=%2Fwp%2Fv2%2Fmedia&parent=1821"}],"wp:term":[{"taxonomy":"product_brand","embeddable":true,"href":"https:\/\/balanzasybasculas.com.co\/index.php?rest_route=%2Fwp%2Fv2%2Fproduct_brand&post=1821"},{"taxonomy":"product_cat","embeddable":true,"href":"https:\/\/balanzasybasculas.com.co\/index.php?rest_route=%2Fwp%2Fv2%2Fproduct_cat&post=1821"},{"taxonomy":"product_tag","embeddable":true,"href":"https:\/\/balanzasybasculas.com.co\/index.php?rest_route=%2Fwp%2Fv2%2Fproduct_tag&post=1821"}],"curies":[{"name":"wp","href":"https:\/\/api.w.org\/{rel}","templated":true}]}}