{"id":1912,"date":"2020-02-06T16:34:14","date_gmt":"2020-02-06T16:34:14","guid":{"rendered":"https:\/\/avanzapesaje.space\/?post_type=product&#038;p=1912"},"modified":"2025-01-24T19:17:51","modified_gmt":"2025-01-25T00:17:51","slug":"medidor-portatil-para-ph-y-conductividad-starter-400m-st400m-g","status":"publish","type":"product","link":"https:\/\/balanzasybasculas.com.co\/?product=medidor-portatil-para-ph-y-conductividad-starter-400m-st400m-g","title":{"rendered":"Medidor Port\u00e1til para pH y Conductividad Starter 400M ST400M-G"},"content":{"rendered":"<div class=\"col-sm-6\">\n<div class=\"model-section-desc\">Los medidores port\u00e1tiles multipar\u00e1metro para el an\u00e1lisis del agua Starter 400M son unidades robustas y livianas, funcionan con bater\u00eda y cuentan con una carcasa impermeable, lo que las hace ideales para comprobaciones del pH, conductividad, TDS, concentraci\u00f3n de sal y resistividad en ambientes h\u00famedos. Una bater\u00eda recargable de litio asegura horas de comprobaciones sin problemas en el campo. El software intuitivo y la pantalla LCD de f\u00e1cil visualizaci\u00f3n permiten un manejo sencillo. Un puerto USB incorporado permite transferir datos f\u00e1cilmente.<\/div>\n<\/div>\n","protected":false},"excerpt":{"rendered":"<div class=\"col-sm-16\">\n<div class=\"model-section-header\"><strong>ESPECIFICACIONES<\/strong><\/div>\n<\/div>\n<div class=\"col-sm-16\">\n<table class=\"spec-table\">\n<tbody>\n<tr>\n<td>Intervalo de medici\u00f3n<\/td>\n<td>-2.00 \u2013 16.00\u00a0\u00a0 pH;\u00a0 -1999 \u2013 1999\u00a0\u00a0 mV;\u00a0 00.0\u00a0\u00a0 \u03bcS\/cm \u2013 199.9\u00a0\u00a0 mS\/cm;\u00a0 0.1\u00a0\u00a0 mg\/L \u2013 199.9\u00a0\u00a0 g\/L (TDS);\u00a0 ;\u00a0 0 a 20 M\u03a9\u2022cm;\u00a0 -5\u00a0\u00a0 \u00b0C \u2013 110\u00a0\u00a0 \u00b0C<\/td>\n<\/tr>\n<tr>\n<td>Resoluci\u00f3n de la medici\u00f3n<\/td>\n<td>0.01\u00a0\u00a0 pH;\u00a0 1\u00a0\u00a0 mV;\u00a0 0.1\u00a0\u00a0 \u03bcs\/cm;\u00a0 0.01 mg\/L;\u00a0 0.01\u00a0\u00a0 psu;\u00a0 0,01 \u03a9\u2022cm;\u00a0 0.1 \u00b0C<\/td>\n<\/tr>\n<tr>\n<td>Precisi\u00f3n \u00b1 (mV)<\/td>\n<td>1 mV<\/td>\n<\/tr>\n<tr>\n<td>Compensaci\u00f3n de temperatura<\/td>\n<td>Autom\u00e1tico<\/td>\n<\/tr>\n<tr>\n<td>Pantalla<\/td>\n<td>Pantalla LCD retroiluminada<\/td>\n<\/tr>\n<tr>\n<td>Ambiente de trabajo<\/td>\n<td>5 \u00b0C \u2013 40 \u00b0C, 80 % de HR, sin condensaci\u00f3n<\/td>\n<\/tr>\n<tr>\n<td>Peso neto<\/td>\n<td>0,35 kg<\/td>\n<\/tr>\n<tr>\n<td>Exactitud<\/td>\n<td>\u00b1 0.01\u00a0\u00a0 pH;\u00a0 \u00b11\u00a0\u00a0 mV;\u00a0 \u00b1 0.5\u00a0\u00a0 % F.S.;\u00a0 \u00b10.3 \u00b0C<\/td>\n<\/tr>\n<tr>\n<td>Precisi\u00f3n \u00b1 (temperatura)<\/td>\n<td>0,3 \u00b0C<\/td>\n<\/tr>\n<tr>\n<td>Duraci\u00f3n de la bater\u00eda<\/td>\n<td>40 horas con bater\u00eda recargable<\/td>\n<\/tr>\n<tr>\n<td>Precisi\u00f3n de conductividad (\u00b1)<\/td>\n<td>0,5 %<\/td>\n<\/tr>\n<tr>\n<td>Rango de medici\u00f3n de conductividad<\/td>\n<td>0.01 \u03bcS\/cm-199.9 mS\/cm<\/td>\n<\/tr>\n<tr>\n<td>Dimensiones<\/td>\n<td>40 mm x 230 mm x 100 mm<\/td>\n<\/tr>\n<tr>\n<td>Electrodo<\/td>\n<td>ST320 IP67 3\u00a0\u00a0 m (incluido);<\/td>\n<\/tr>\n<tr>\n<td>Rango de medici\u00f3n (temperatura)<\/td>\n<td>-5 \u00b0C \u2013 110 \u00b0C<\/td>\n<\/tr>\n<tr>\n<td>Rango de medici\u00f3n (voltaje)<\/td>\n<td>-1.999 mV \u2013 1.999 mV<\/td>\n<\/tr>\n<tr>\n<td>Precisi\u00f3n de pH (\u00b1)<\/td>\n<td>0,01<\/td>\n<\/tr>\n<tr>\n<td>Rango de medici\u00f3n de pH<\/td>\n<td>-2 \u2013 16<\/td>\n<\/tr>\n<tr>\n<td>Resoluci\u00f3n pH<\/td>\n<td>0,01<\/td>\n<\/tr>\n<tr>\n<td>Resoluci\u00f3n (voltaje)<\/td>\n<td>1 mV<\/td>\n<\/tr>\n<tr>\n<td>Resoluci\u00f3n de conductividad (variable)<\/td>\n<td>0,1 \u2013 199,9<\/td>\n<\/tr>\n<tr>\n<td>Resoluci\u00f3n de temperatura<\/td>\n<td>0,1 \u00b0C<\/td>\n<\/tr>\n<tr>\n<td>Sensor de temperatura<\/td>\n<td>30\u00a0\u00a0 K\u03a9 NTC<\/td>\n<\/tr>\n<\/tbody>\n<\/table>\n<\/div>\n","protected":false},"featured_media":7639,"comment_status":"open","ping_status":"closed","template":"","meta":[],"product_brand":[],"product_cat":[169,163,165,168],"product_tag":[],"class_list":{"0":"post-1912","1":"product","2":"type-product","3":"status-publish","4":"has-post-thumbnail","6":"product_cat-conductividad-ohaus","7":"product_cat-electroquimica-ohaus","8":"product_cat-medidores-portatiles-ohaus","9":"product_cat-ph-ohaus","11":"first","12":"instock","13":"shipping-taxable","14":"product-type-simple"},"_links":{"self":[{"href":"https:\/\/balanzasybasculas.com.co\/index.php?rest_route=\/wp\/v2\/product\/1912","targetHints":{"allow":["GET"]}}],"collection":[{"href":"https:\/\/balanzasybasculas.com.co\/index.php?rest_route=\/wp\/v2\/product"}],"about":[{"href":"https:\/\/balanzasybasculas.com.co\/index.php?rest_route=\/wp\/v2\/types\/product"}],"replies":[{"embeddable":true,"href":"https:\/\/balanzasybasculas.com.co\/index.php?rest_route=%2Fwp%2Fv2%2Fcomments&post=1912"}],"wp:featuredmedia":[{"embeddable":true,"href":"https:\/\/balanzasybasculas.com.co\/index.php?rest_route=\/wp\/v2\/media\/7639"}],"wp:attachment":[{"href":"https:\/\/balanzasybasculas.com.co\/index.php?rest_route=%2Fwp%2Fv2%2Fmedia&parent=1912"}],"wp:term":[{"taxonomy":"product_brand","embeddable":true,"href":"https:\/\/balanzasybasculas.com.co\/index.php?rest_route=%2Fwp%2Fv2%2Fproduct_brand&post=1912"},{"taxonomy":"product_cat","embeddable":true,"href":"https:\/\/balanzasybasculas.com.co\/index.php?rest_route=%2Fwp%2Fv2%2Fproduct_cat&post=1912"},{"taxonomy":"product_tag","embeddable":true,"href":"https:\/\/balanzasybasculas.com.co\/index.php?rest_route=%2Fwp%2Fv2%2Fproduct_tag&post=1912"}],"curies":[{"name":"wp","href":"https:\/\/api.w.org\/{rel}","templated":true}]}}