{"id":1934,"date":"2020-02-07T15:47:08","date_gmt":"2020-02-07T15:47:08","guid":{"rendered":"https:\/\/avanzapesaje.space\/?post_type=product&#038;p=1934"},"modified":"2025-01-24T19:09:29","modified_gmt":"2025-01-25T00:09:29","slug":"medidor-portatil-para-oxigeno-disuelto-starter-300d-st300d-b","status":"publish","type":"product","link":"https:\/\/balanzasybasculas.com.co\/?product=medidor-portatil-para-oxigeno-disuelto-starter-300d-st300d-b","title":{"rendered":"Medidor Port\u00e1til para Oxigeno Disuelto Starter 300D ST300D-B"},"content":{"rendered":"<p>Luego de m\u00e1s de un siglo de perfeccionar el arte de la medici\u00f3n a trav\u00e9s de nuestros productos durables de pesaje, la precisi\u00f3n de OHAUS ahora est\u00e1 disponible en un medidor de ox\u00edgeno disuelto (OD) port\u00e1til. Este medidor port\u00e1til ofrece mayor comodidad, confiabilidad y durabilidad en un dise\u00f1o compacto.<\/p>\n","protected":false},"excerpt":{"rendered":"<div class=\"col-sm-16\">\n<div class=\"model-section-header\"><strong>ESPECIFICACIONES<\/strong><\/div>\n<\/div>\n<div class=\"col-sm-16\">\n<table class=\"spec-table\">\n<tbody>\n<tr>\n<td>Intervalo de medici\u00f3n<\/td>\n<td>0.00 \u2013 19.99;\u00a0 20.0 \u2013 45.0\u00a0\u00a0 mg\/L;\u00a0 200 \u2013 400%;\u00a0 0 \u2013 50 \u00b0C<\/td>\n<\/tr>\n<tr>\n<td>Resoluci\u00f3n de la medici\u00f3n<\/td>\n<td>0.1\u00a0\u00a0 mg\/L;\u00a0 1\u00a0\u00a0 mg\/L;\u00a0 0.1%;\u00a0 1%;\u00a0 0.1 \u00b0C;\u00a0 0.1\u00a0\u00a0 ppm;\u00a0 1 ppm<\/td>\n<\/tr>\n<tr>\n<td>Calibraci\u00f3n<\/td>\n<td>2 puntos<\/td>\n<\/tr>\n<tr>\n<td>Compensaci\u00f3n de temperatura<\/td>\n<td>S\u00ed<\/td>\n<\/tr>\n<tr>\n<td>Pantalla<\/td>\n<td>LCD<\/td>\n<\/tr>\n<tr>\n<td>Ambiente de trabajo<\/td>\n<td>5 \u00b0C \u2013 40 \u00b0C, 80 % de HR, sin condensaci\u00f3n<\/td>\n<\/tr>\n<tr>\n<td>Peso neto<\/td>\n<td>0,16 kg<\/td>\n<\/tr>\n<tr>\n<td>Electrodo<\/td>\n<td>STDO11 (disponible como accesorio);\u00a0 STTEMP30 (disponible como accesorio)<\/td>\n<\/tr>\n<tr>\n<td>Rango de medici\u00f3n (temperatura)<\/td>\n<td>0 \u00b0C \u2013 50 \u00b0C<\/td>\n<\/tr>\n<tr>\n<td>Rango de medici\u00f3n de OD<\/td>\n<td>0 % \u2013 200 % ;\u00a0 200 % \u2013 400 % ;\u00a0 0 ppm \u2013 20 ppm ;\u00a0 20 ppm \u2013 45 ppm<\/td>\n<\/tr>\n<tr>\n<td>Par\u00e1metro<\/td>\n<td>Ox\u00edgeno disuelto<\/td>\n<\/tr>\n<tr>\n<td>Resoluci\u00f3n (OD)<\/td>\n<td>0,01;\u00a0 0,1<\/td>\n<\/tr>\n<tr>\n<td>Resoluci\u00f3n de temperatura<\/td>\n<td>0,1 \u00b0C<\/td>\n<\/tr>\n<tr>\n<td>Exactitud<\/td>\n<td>\u00b1 0.3\u00a0\u00a0 mg\/L;\u00a0 \u00b1 1%;\u00a0 \u00b10.3 \u00b0C<\/td>\n<\/tr>\n<tr>\n<td>Precisi\u00f3n \u00b1 (temperatura)<\/td>\n<td>0,3 \u00b0C<\/td>\n<\/tr>\n<tr>\n<td>Precisi\u00f3n OD<\/td>\n<td>1 %<\/td>\n<\/tr>\n<tr>\n<td>Duraci\u00f3n de la bater\u00eda<\/td>\n<td>250 horas con bater\u00edas desechables<\/td>\n<\/tr>\n<tr>\n<td>Dimensiones<\/td>\n<td>35 mm x 170 mm x 90 mm<\/td>\n<\/tr>\n<tr>\n<td>Cubierta<\/td>\n<td>No<\/td>\n<\/tr>\n<tr>\n<td>Electricidad<\/td>\n<td>4 bater\u00edas AAA (LR03) (incluidas)<\/td>\n<\/tr>\n<tr>\n<td>Rango de resoluci\u00f3n (OD)<\/td>\n<td>0 \u2013 19,9 ;\u00a0 20 \u2013 45<\/td>\n<\/tr>\n<tr>\n<td>Sensor de temperatura<\/td>\n<td>30\u00a0\u00a0 K\u03a9 NTC<\/td>\n<\/tr>\n<\/tbody>\n<\/table>\n<\/div>\n","protected":false},"featured_media":7630,"comment_status":"open","ping_status":"closed","template":"","meta":[],"product_brand":[],"product_cat":[163,165,170],"product_tag":[],"class_list":{"0":"post-1934","1":"product","2":"type-product","3":"status-publish","4":"has-post-thumbnail","6":"product_cat-electroquimica-ohaus","7":"product_cat-medidores-portatiles-ohaus","8":"product_cat-oxigeno-disuelto-ohaus","10":"first","11":"instock","12":"shipping-taxable","13":"product-type-simple"},"_links":{"self":[{"href":"https:\/\/balanzasybasculas.com.co\/index.php?rest_route=\/wp\/v2\/product\/1934","targetHints":{"allow":["GET"]}}],"collection":[{"href":"https:\/\/balanzasybasculas.com.co\/index.php?rest_route=\/wp\/v2\/product"}],"about":[{"href":"https:\/\/balanzasybasculas.com.co\/index.php?rest_route=\/wp\/v2\/types\/product"}],"replies":[{"embeddable":true,"href":"https:\/\/balanzasybasculas.com.co\/index.php?rest_route=%2Fwp%2Fv2%2Fcomments&post=1934"}],"wp:featuredmedia":[{"embeddable":true,"href":"https:\/\/balanzasybasculas.com.co\/index.php?rest_route=\/wp\/v2\/media\/7630"}],"wp:attachment":[{"href":"https:\/\/balanzasybasculas.com.co\/index.php?rest_route=%2Fwp%2Fv2%2Fmedia&parent=1934"}],"wp:term":[{"taxonomy":"product_brand","embeddable":true,"href":"https:\/\/balanzasybasculas.com.co\/index.php?rest_route=%2Fwp%2Fv2%2Fproduct_brand&post=1934"},{"taxonomy":"product_cat","embeddable":true,"href":"https:\/\/balanzasybasculas.com.co\/index.php?rest_route=%2Fwp%2Fv2%2Fproduct_cat&post=1934"},{"taxonomy":"product_tag","embeddable":true,"href":"https:\/\/balanzasybasculas.com.co\/index.php?rest_route=%2Fwp%2Fv2%2Fproduct_tag&post=1934"}],"curies":[{"name":"wp","href":"https:\/\/api.w.org\/{rel}","templated":true}]}}