{"id":2045,"date":"2020-02-10T21:05:31","date_gmt":"2020-02-10T21:05:31","guid":{"rendered":"https:\/\/avanzapesaje.space\/?post_type=product&#038;p=2045"},"modified":"2020-02-10T21:20:10","modified_gmt":"2020-02-10T21:20:10","slug":"agitador-orbital-ohaus-angulares-y-ondulares-shrk07al1","status":"publish","type":"product","link":"https:\/\/balanzasybasculas.com.co\/?product=agitador-orbital-ohaus-angulares-y-ondulares-shrk07al1","title":{"rendered":"Agitador Orbital Ohaus Angulares y Ondulares SHRK07AL1"},"content":{"rendered":"<p>Los agitadores oscilantes y de onda de OHAUS est\u00e1n dise\u00f1ados de forma innovadora para una amplia gama de aplicaciones de laboratorio. Los agitadores oscilantes proporcionan un movimiento controlado similar al de un vaiv\u00e9n, mientras que los agitadores oscilantes ofrecen un movimiento ondulatorio en 3D suave y poco espumoso. Disponible en modelos digitales controlados por microprocesador y en modelos econ\u00f3micos no digitales. Todos los modelos incluyen una alfombrilla antideslizante, y la mayor\u00eda de los modelos est\u00e1n disponibles con una opci\u00f3n de bandeja apilable para duplicar f\u00e1cilmente la capacidad.<\/p>\n","protected":false},"excerpt":{"rendered":"<div class=\"col-sm-16\">\n<div class=\"model-section-header\"><strong>ESPECIFICACIONES<\/strong><\/div>\n<\/div>\n<div class=\"col-sm-16\">\n<table class=\"spec-table\">\n<tbody>\n<tr>\n<td>Movimiento<\/td>\n<td>Oscilante, 0 \u2013 15 \u00b0<\/td>\n<\/tr>\n<tr>\n<td>Alcance m\u00e1ximo<\/td>\n<td>7.3 kg<\/td>\n<\/tr>\n<tr>\n<td>Rango de velocidad<\/td>\n<td>1 rpm \u2013 75 rpm<\/td>\n<\/tr>\n<tr>\n<td>Tama\u00f1o de la bandeja (LxA)<\/td>\n<td>35,6 cm x 27,9 cm<\/td>\n<\/tr>\n<tr>\n<td>Control<\/td>\n<td>Anal\u00f3gico<\/td>\n<\/tr>\n<tr>\n<td>Sistema de accionamiento<\/td>\n<td>Motor de pulsos<\/td>\n<\/tr>\n<tr>\n<td>Dimensiones<\/td>\n<td>14 cm x 42,5 cm x 27,9 cm<\/td>\n<\/tr>\n<tr>\n<td>Peso neto<\/td>\n<td>6,6 kg<\/td>\n<\/tr>\n<tr>\n<td>Electricidad<\/td>\n<td>230V\/120V, 0.065A, 50\/60Hz<\/td>\n<\/tr>\n<tr>\n<td>Consumo de energ\u00eda<\/td>\n<td>15 W<\/td>\n<\/tr>\n<tr>\n<td>Certificaci\u00f3n de seguridad<\/td>\n<td>CE;\u00a0 TUV<\/td>\n<\/tr>\n<tr>\n<td>Rango de velocidad<\/td>\n<td>1 rpm \u2013 75 rpm<\/td>\n<\/tr>\n<tr>\n<td>\u00c1ngulo de inclinaci\u00f3n<\/td>\n<td>0 \u2013 15\u00b0<\/td>\n<\/tr>\n<tr>\n<td>Temporizador<\/td>\n<td>1 minuto \u2013 120 minutos<\/td>\n<\/tr>\n<tr>\n<td>Estructura de la bandeja<\/td>\n<td>Aluminio<\/td>\n<\/tr>\n<tr>\n<td>Ambiente de trabajo<\/td>\n<td>-10\u00b0C \u2013 60\u00b0C, 80%HR, sin condensaci\u00f3n<\/td>\n<\/tr>\n<\/tbody>\n<\/table>\n<\/div>\n","protected":false},"featured_media":2046,"comment_status":"open","ping_status":"closed","template":"","meta":[],"product_brand":[],"product_cat":[182,177,175],"product_tag":[],"class_list":{"0":"post-2045","1":"product","2":"type-product","3":"status-publish","4":"has-post-thumbnail","6":"product_cat-agitadores-angulares-y-ondulares-ohaus","7":"product_cat-agitadores-ohaus","8":"product_cat-equipos-de-laboratorio-ohaus","10":"first","11":"instock","12":"shipping-taxable","13":"product-type-simple"},"_links":{"self":[{"href":"https:\/\/balanzasybasculas.com.co\/index.php?rest_route=\/wp\/v2\/product\/2045","targetHints":{"allow":["GET"]}}],"collection":[{"href":"https:\/\/balanzasybasculas.com.co\/index.php?rest_route=\/wp\/v2\/product"}],"about":[{"href":"https:\/\/balanzasybasculas.com.co\/index.php?rest_route=\/wp\/v2\/types\/product"}],"replies":[{"embeddable":true,"href":"https:\/\/balanzasybasculas.com.co\/index.php?rest_route=%2Fwp%2Fv2%2Fcomments&post=2045"}],"wp:featuredmedia":[{"embeddable":true,"href":"https:\/\/balanzasybasculas.com.co\/index.php?rest_route=\/wp\/v2\/media\/2046"}],"wp:attachment":[{"href":"https:\/\/balanzasybasculas.com.co\/index.php?rest_route=%2Fwp%2Fv2%2Fmedia&parent=2045"}],"wp:term":[{"taxonomy":"product_brand","embeddable":true,"href":"https:\/\/balanzasybasculas.com.co\/index.php?rest_route=%2Fwp%2Fv2%2Fproduct_brand&post=2045"},{"taxonomy":"product_cat","embeddable":true,"href":"https:\/\/balanzasybasculas.com.co\/index.php?rest_route=%2Fwp%2Fv2%2Fproduct_cat&post=2045"},{"taxonomy":"product_tag","embeddable":true,"href":"https:\/\/balanzasybasculas.com.co\/index.php?rest_route=%2Fwp%2Fv2%2Fproduct_tag&post=2045"}],"curies":[{"name":"wp","href":"https:\/\/api.w.org\/{rel}","templated":true}]}}