{"id":2061,"date":"2020-02-11T13:58:27","date_gmt":"2020-02-11T13:58:27","guid":{"rendered":"https:\/\/avanzapesaje.space\/?post_type=product&#038;p=2061"},"modified":"2022-02-17T08:49:17","modified_gmt":"2022-02-17T13:49:17","slug":"agitador-orbital-para-uso-ligero-ohaus-con-incubacion-isld04hdg","status":"publish","type":"product","link":"https:\/\/balanzasybasculas.com.co\/?product=agitador-orbital-para-uso-ligero-ohaus-con-incubacion-isld04hdg","title":{"rendered":"Agitador Orbital para uso Ligero Ohaus con Incubaci\u00f3n ISLD04HDG"},"content":{"rendered":"<p>Los agitadores con Incubaci\u00f3n para uso ligero de OHAUS est\u00e1n dise\u00f1ados para incubar muestras desde los 10 \u00b0C por debajo de la temperatura ambiente de 65 \u00b0C dependiendo del modelo. El mini agitador para incubaci\u00f3n tiene una capacidad de 8 libras (3.6 kg) mientras que el agitador de microplaca incubaci\u00f3n puede sostener hasta cuatro placas est\u00e1ndar o profundas. El Mini Agitador con Incubaci\u00f3n y refrigeraci\u00f3n est\u00e1 dise\u00f1ado para sostener dos microplacas o dos bloques de tubo modulares. Todos los modelos tienen pantallas LED con controles t\u00e1ctiles.<\/p>\n","protected":false},"excerpt":{"rendered":"<div class=\"col-sm-16\">\n<div class=\"model-section-header\"><strong>ESPECIFICACIONES<\/strong><\/div>\n<\/div>\n<div class=\"col-sm-16\">\n<table class=\"spec-table\">\n<tbody>\n<tr>\n<td>Movimiento<\/td>\n<td>Orbital, 3 mm<\/td>\n<\/tr>\n<tr>\n<td>Alcance m\u00e1ximo<\/td>\n<td>3.6 kg<\/td>\n<\/tr>\n<tr>\n<td>Temperatura Intervalo<\/td>\n<td>Ambiente +5\u00b0C \u2013 65\u00b0C<\/td>\n<\/tr>\n<tr>\n<td>Uniformidad<\/td>\n<td>\u00b1 0.5 \u00b0C a 37 \u00b0C<\/td>\n<\/tr>\n<tr>\n<td>Rango de velocidad<\/td>\n<td>100 rpm \u2013 1200 rpm<\/td>\n<\/tr>\n<tr>\n<td>Tama\u00f1o de la bandeja (LxA)<\/td>\n<td>27,9 cm x 19,7 cm<\/td>\n<\/tr>\n<tr>\n<td>Calibraci\u00f3n<\/td>\n<td>Calibraci\u00f3n de temperatura<\/td>\n<\/tr>\n<tr>\n<td>Control<\/td>\n<td>Digital<\/td>\n<\/tr>\n<tr>\n<td>Dimensiones<\/td>\n<td>27 cm x 43,2 cm x 27,9 cm<\/td>\n<\/tr>\n<tr>\n<td>Sistema de accionamiento<\/td>\n<td>Motor de CC sin escobillas;\u00a0 Exc\u00e9ntrico triple<\/td>\n<\/tr>\n<tr>\n<td>Dimensiones interiores (AxAxLxLxAxA)<\/td>\n<td>5,7 in x 14,5 cm x 11,3 in x 28,7 cm x 8,3 in x 21,1 cm<\/td>\n<\/tr>\n<tr>\n<td>Peso neto<\/td>\n<td>11,1 kg<\/td>\n<\/tr>\n<tr>\n<td>\u00d3rbita {metric}<\/td>\n<td>3 mm<\/td>\n<\/tr>\n<tr>\n<td>Electricidad<\/td>\n<td>230V\/120V, 5A, 50\/60Hz<\/td>\n<\/tr>\n<tr>\n<td>Consumo de energ\u00eda<\/td>\n<td>450 W<\/td>\n<\/tr>\n<tr>\n<td>Certificaci\u00f3n de seguridad<\/td>\n<td>CE;\u00a0 TUV<\/td>\n<\/tr>\n<tr>\n<td>Precisi\u00f3n de velocidad<\/td>\n<td>\u00b12%<\/td>\n<\/tr>\n<tr>\n<td>Rango de velocidad<\/td>\n<td>100 rpm \u2013 1200 rpm<\/td>\n<\/tr>\n<tr>\n<td>Temporizador<\/td>\n<td>1 segundo \u2013 160 horas<\/td>\n<\/tr>\n<tr>\n<td>Estructura de la bandeja<\/td>\n<td>Aluminio<\/td>\n<\/tr>\n<tr>\n<td>Ambiente de trabajo<\/td>\n<td>5 \u00b0C \u2013 40 \u00b0C, 80 % de HR, sin condensaci\u00f3n<\/td>\n<\/tr>\n<\/tbody>\n<\/table>\n<\/div>\n","protected":false},"featured_media":5529,"comment_status":"open","ping_status":"closed","template":"","meta":[],"product_brand":[],"product_cat":[177,186,175],"product_tag":[],"class_list":{"0":"post-2061","1":"product","2":"type-product","3":"status-publish","4":"has-post-thumbnail","6":"product_cat-agitadores-ohaus","7":"product_cat-agitadores-orbitales-con-incubacion-uso-ligero-ohaus","8":"product_cat-equipos-de-laboratorio-ohaus","10":"first","11":"instock","12":"shipping-taxable","13":"product-type-simple"},"_links":{"self":[{"href":"https:\/\/balanzasybasculas.com.co\/index.php?rest_route=\/wp\/v2\/product\/2061","targetHints":{"allow":["GET"]}}],"collection":[{"href":"https:\/\/balanzasybasculas.com.co\/index.php?rest_route=\/wp\/v2\/product"}],"about":[{"href":"https:\/\/balanzasybasculas.com.co\/index.php?rest_route=\/wp\/v2\/types\/product"}],"replies":[{"embeddable":true,"href":"https:\/\/balanzasybasculas.com.co\/index.php?rest_route=%2Fwp%2Fv2%2Fcomments&post=2061"}],"wp:featuredmedia":[{"embeddable":true,"href":"https:\/\/balanzasybasculas.com.co\/index.php?rest_route=\/wp\/v2\/media\/5529"}],"wp:attachment":[{"href":"https:\/\/balanzasybasculas.com.co\/index.php?rest_route=%2Fwp%2Fv2%2Fmedia&parent=2061"}],"wp:term":[{"taxonomy":"product_brand","embeddable":true,"href":"https:\/\/balanzasybasculas.com.co\/index.php?rest_route=%2Fwp%2Fv2%2Fproduct_brand&post=2061"},{"taxonomy":"product_cat","embeddable":true,"href":"https:\/\/balanzasybasculas.com.co\/index.php?rest_route=%2Fwp%2Fv2%2Fproduct_cat&post=2061"},{"taxonomy":"product_tag","embeddable":true,"href":"https:\/\/balanzasybasculas.com.co\/index.php?rest_route=%2Fwp%2Fv2%2Fproduct_tag&post=2061"}],"curies":[{"name":"wp","href":"https:\/\/api.w.org\/{rel}","templated":true}]}}