{"id":2130,"date":"2020-02-11T19:21:37","date_gmt":"2020-02-11T19:21:37","guid":{"rendered":"https:\/\/avanzapesaje.space\/?post_type=product&#038;p=2130"},"modified":"2020-02-11T19:25:20","modified_gmt":"2020-02-11T19:25:20","slug":"mini-mezclador-ohaus-vortex-vxmndg","status":"publish","type":"product","link":"https:\/\/balanzasybasculas.com.co\/?product=mini-mezclador-ohaus-vortex-vxmndg","title":{"rendered":"Mini Mezclador Ohaus Vortex VXMNDG"},"content":{"rendered":"<p>Hay disponibles cuatro modelos de mini mezcladores v\u00f3rtex para una mezcla suave a alta velocidad. El modelo anal\u00f3gico ofrece control de velocidad variable, y el modelo digital permite ingresar la velocidad exacta y el tiempo para lograr resultados reproducibles. El modelo pulsante tiene una acci\u00f3n de pulso \u00fanico que reduce la generaci\u00f3n de calor, mientras que proporciona una mezcla m\u00e1s eficaz y la disrupci\u00f3n celular. El modelo de velocidad fija ofrece una mezcla de alta velocidad de un toque.<\/p>\n","protected":false},"excerpt":{"rendered":"<div class=\"col-sm-16\">\n<div class=\"model-section-header\"><strong>ESPECIFICACIONES<\/strong><\/div>\n<\/div>\n<div class=\"col-sm-16\">\n<table class=\"spec-table\">\n<tbody>\n<tr>\n<td>Control<\/td>\n<td>Digital<\/td>\n<\/tr>\n<tr>\n<td>Rango de servicio<\/td>\n<td>Intermitente<\/td>\n<\/tr>\n<tr>\n<td>\u00d3rbita {metric}<\/td>\n<td>4,9 mm<\/td>\n<\/tr>\n<tr>\n<td>Rango de velocidad<\/td>\n<td>500 rpm \u2013 2500 rpm<\/td>\n<\/tr>\n<tr>\n<td>Dimensiones<\/td>\n<td>16,5 cm x 21 cm x 12,3 cm<\/td>\n<\/tr>\n<tr>\n<td>Peso neto<\/td>\n<td>4,4 kg<\/td>\n<\/tr>\n<tr>\n<td>Electricidad<\/td>\n<td>230V\/120V, 0.6A, 50\/60Hz<\/td>\n<\/tr>\n<tr>\n<td>Consumo de energ\u00eda<\/td>\n<td>135 W<\/td>\n<\/tr>\n<tr>\n<td>Certificaci\u00f3n de seguridad<\/td>\n<td>CE;\u00a0 TUV<\/td>\n<\/tr>\n<tr>\n<td>Ambiente de trabajo<\/td>\n<td>4\u00b0C \u2013 40\u00b0C, 20% \u2013 85%HR, sin condensaci\u00f3n<\/td>\n<\/tr>\n<\/tbody>\n<\/table>\n<\/div>\n","protected":false},"featured_media":2131,"comment_status":"open","ping_status":"closed","template":"","meta":[],"product_brand":[],"product_cat":[175,189,190],"product_tag":[],"class_list":{"0":"post-2130","1":"product","2":"type-product","3":"status-publish","4":"has-post-thumbnail","6":"product_cat-equipos-de-laboratorio-ohaus","7":"product_cat-mezcladores-vortex-ohaus","8":"product_cat-mini-mezcladores-vortex-ohaus","10":"first","11":"instock","12":"shipping-taxable","13":"product-type-simple"},"_links":{"self":[{"href":"https:\/\/balanzasybasculas.com.co\/index.php?rest_route=\/wp\/v2\/product\/2130","targetHints":{"allow":["GET"]}}],"collection":[{"href":"https:\/\/balanzasybasculas.com.co\/index.php?rest_route=\/wp\/v2\/product"}],"about":[{"href":"https:\/\/balanzasybasculas.com.co\/index.php?rest_route=\/wp\/v2\/types\/product"}],"replies":[{"embeddable":true,"href":"https:\/\/balanzasybasculas.com.co\/index.php?rest_route=%2Fwp%2Fv2%2Fcomments&post=2130"}],"wp:featuredmedia":[{"embeddable":true,"href":"https:\/\/balanzasybasculas.com.co\/index.php?rest_route=\/wp\/v2\/media\/2131"}],"wp:attachment":[{"href":"https:\/\/balanzasybasculas.com.co\/index.php?rest_route=%2Fwp%2Fv2%2Fmedia&parent=2130"}],"wp:term":[{"taxonomy":"product_brand","embeddable":true,"href":"https:\/\/balanzasybasculas.com.co\/index.php?rest_route=%2Fwp%2Fv2%2Fproduct_brand&post=2130"},{"taxonomy":"product_cat","embeddable":true,"href":"https:\/\/balanzasybasculas.com.co\/index.php?rest_route=%2Fwp%2Fv2%2Fproduct_cat&post=2130"},{"taxonomy":"product_tag","embeddable":true,"href":"https:\/\/balanzasybasculas.com.co\/index.php?rest_route=%2Fwp%2Fv2%2Fproduct_tag&post=2130"}],"curies":[{"name":"wp","href":"https:\/\/api.w.org\/{rel}","templated":true}]}}