{"id":2142,"date":"2020-02-11T21:03:27","date_gmt":"2020-02-11T21:03:27","guid":{"rendered":"https:\/\/avanzapesaje.space\/?post_type=product&#038;p=2142"},"modified":"2020-02-11T21:12:30","modified_gmt":"2020-02-11T21:12:30","slug":"mezclador-ohaus-vortez-multi-tubo-vxmtal","status":"publish","type":"product","link":"https:\/\/balanzasybasculas.com.co\/?product=mezclador-ohaus-vortez-multi-tubo-vxmtal","title":{"rendered":"Mezclador Ohaus Vortez Multi Tubo VXMTAL"},"content":{"rendered":"<div class=\"col-sm-6\">\n<div class=\"model-section-desc\">Los mezcladores V\u00f3rtex para distintos tubos son ideales para el procesamiento de muestras de alto rendimiento. Disponibilidad de bastidores con gradillas de espuma intercambiables para tubos de 10 hasta 29 mm de di\u00e1metro. La acci\u00f3n del V\u00f3rtex se crea asegurando la parte superior de la muestra en su lugar, mientras que deja que el fondo gire libremente en una \u00f3rbita de 3.6 mm. Las patas reducen el movimiento y evitan el deslizamiento en la superficie de trabajo. Modelos anal\u00f3gicos y digitales, microprocesador de control y ejecuci\u00f3n en modo continuo o por tiempo.<\/div>\n<\/div>\n","protected":false},"excerpt":{"rendered":"<div class=\"col-sm-16\">\n<div class=\"model-section-header\"><strong>ESPECIFICACIONES<\/strong><\/div>\n<\/div>\n<div class=\"col-sm-16\">\n<table class=\"spec-table\">\n<tbody>\n<tr>\n<td>Control<\/td>\n<td>Anal\u00f3gico<\/td>\n<\/tr>\n<tr>\n<td>Rango de servicio<\/td>\n<td>Continuo<\/td>\n<\/tr>\n<tr>\n<td>\u00d3rbita {metric}<\/td>\n<td>3,6 mm<\/td>\n<\/tr>\n<tr>\n<td>Rango de velocidad<\/td>\n<td>1200 rpm \u2013 2400 rpm<\/td>\n<\/tr>\n<tr>\n<td>Alcance m\u00e1ximo<\/td>\n<td>4.5 kg<\/td>\n<\/tr>\n<tr>\n<td>Dimensiones<\/td>\n<td>40,6 cm x 24,1 cm x 38,4 cm<\/td>\n<\/tr>\n<tr>\n<td>Peso neto<\/td>\n<td>20,3 kg<\/td>\n<\/tr>\n<tr>\n<td>Electricidad<\/td>\n<td>230V\/120V, 1A, 50\/60Hz<\/td>\n<\/tr>\n<tr>\n<td>Consumo de energ\u00eda<\/td>\n<td>100 W<\/td>\n<\/tr>\n<tr>\n<td>Certificaci\u00f3n de seguridad<\/td>\n<td>CE;\u00a0 TUV<\/td>\n<\/tr>\n<tr>\n<td>Tama\u00f1o de la bandeja (LxA)<\/td>\n<td>18,4 cm x 31,1 cm<\/td>\n<\/tr>\n<tr>\n<td>Ambiente de trabajo<\/td>\n<td>4\u00b0C \u2013 40\u00b0C, 20% \u2013 85%HR, sin condensaci\u00f3n<\/td>\n<\/tr>\n<\/tbody>\n<\/table>\n<\/div>\n","protected":false},"featured_media":2143,"comment_status":"open","ping_status":"closed","template":"","meta":[],"product_brand":[],"product_cat":[175,193,189],"product_tag":[],"class_list":{"0":"post-2142","1":"product","2":"type-product","3":"status-publish","4":"has-post-thumbnail","6":"product_cat-equipos-de-laboratorio-ohaus","7":"product_cat-mezcladores-vortex-multi-tubo-ohaus","8":"product_cat-mezcladores-vortex-ohaus","10":"first","11":"instock","12":"shipping-taxable","13":"product-type-simple"},"_links":{"self":[{"href":"https:\/\/balanzasybasculas.com.co\/index.php?rest_route=\/wp\/v2\/product\/2142","targetHints":{"allow":["GET"]}}],"collection":[{"href":"https:\/\/balanzasybasculas.com.co\/index.php?rest_route=\/wp\/v2\/product"}],"about":[{"href":"https:\/\/balanzasybasculas.com.co\/index.php?rest_route=\/wp\/v2\/types\/product"}],"replies":[{"embeddable":true,"href":"https:\/\/balanzasybasculas.com.co\/index.php?rest_route=%2Fwp%2Fv2%2Fcomments&post=2142"}],"wp:featuredmedia":[{"embeddable":true,"href":"https:\/\/balanzasybasculas.com.co\/index.php?rest_route=\/wp\/v2\/media\/2143"}],"wp:attachment":[{"href":"https:\/\/balanzasybasculas.com.co\/index.php?rest_route=%2Fwp%2Fv2%2Fmedia&parent=2142"}],"wp:term":[{"taxonomy":"product_brand","embeddable":true,"href":"https:\/\/balanzasybasculas.com.co\/index.php?rest_route=%2Fwp%2Fv2%2Fproduct_brand&post=2142"},{"taxonomy":"product_cat","embeddable":true,"href":"https:\/\/balanzasybasculas.com.co\/index.php?rest_route=%2Fwp%2Fv2%2Fproduct_cat&post=2142"},{"taxonomy":"product_tag","embeddable":true,"href":"https:\/\/balanzasybasculas.com.co\/index.php?rest_route=%2Fwp%2Fv2%2Fproduct_tag&post=2142"}],"curies":[{"name":"wp","href":"https:\/\/api.w.org\/{rel}","templated":true}]}}