{"id":3814,"date":"2021-01-22T14:37:25","date_gmt":"2021-01-22T19:37:25","guid":{"rendered":"https:\/\/balanzasybasculas.com.co\/?post_type=product&#038;p=3814"},"modified":"2021-01-22T14:39:54","modified_gmt":"2021-01-22T19:39:54","slug":"plancha-de-calentamiento-y-agitacion-guardian-7000-e-g71hsrdm","status":"publish","type":"product","link":"https:\/\/balanzasybasculas.com.co\/?product=plancha-de-calentamiento-y-agitacion-guardian-7000-e-g71hsrdm","title":{"rendered":"Plancha de calentamiento y agitaci\u00f3n Guardian 7000 e-G71HSRDM"},"content":{"rendered":"<p>Los agitadores de plancha de calentamiento Guardian 7000 de OHAUS est\u00e1n dise\u00f1ados con caracter\u00edsticas excepcionales de seguridad y un rendimiento superior para cada aplicaci\u00f3n. Todos los tama\u00f1os vienen con el exclusivo SafetyHeatTM; un sistema l\u00edder en la industria de protecci\u00f3n interna que garantiza la seguridad en aplicaciones de calefacci\u00f3n con un doble monitoreo del bienestar del sistema. Para un control preciso de la muestra, use la sonda de temperatura incluida y permita que SmartRate\u2122 seleccione la temperatura r\u00e1pida o lenta y los \u00edndices de la rampa de velocidad.<\/p>\n","protected":false},"excerpt":{"rendered":"<div class=\"col-sm-16\">\n<div class=\"model-section-header\"><strong>ESPECIFICACIONES<\/strong><\/div>\n<\/div>\n<div class=\"col-sm-16\">\n<table class=\"spec-table\">\n<tbody>\n<tr>\n<td>Funci\u00f3n<\/td>\n<td>Calentamiento y agitaci\u00f3n<\/td>\n<\/tr>\n<tr>\n<td>Alcance m\u00e1ximo<\/td>\n<td>20\u00a0\u00a0 L<\/td>\n<\/tr>\n<tr>\n<td>Estructura de la placa<\/td>\n<td>Aluminio<\/td>\n<\/tr>\n<tr>\n<td>Tama\u00f1o de la placa<\/td>\n<td>135 mm<\/td>\n<\/tr>\n<tr>\n<td>Temperatura Intervalo<\/td>\n<td>Ambiente + 5\u00a0\u00a0 \u00b0C \u2013 380\u00a0\u00a0 \u00b0C<\/td>\n<\/tr>\n<tr>\n<td>Intervalo de velocida<\/td>\n<td>60 rpm \u2013 1.600 rpm<\/td>\n<\/tr>\n<tr>\n<td>Calibraci\u00f3n<\/td>\n<td>Calibraci\u00f3n de temperatura<\/td>\n<\/tr>\n<tr>\n<td>Comunicaci\u00f3n<\/td>\n<td>USB<\/td>\n<\/tr>\n<tr>\n<td>Control<\/td>\n<td>Digital<\/td>\n<\/tr>\n<tr>\n<td>Dimensiones<\/td>\n<td>126 mm x 267 mm x 173 mm (AxLxA)<\/td>\n<\/tr>\n<tr>\n<td>Pantalla<\/td>\n<td>LCD con luz de fondo personalizable<\/td>\n<\/tr>\n<tr>\n<td>Cubierta<\/td>\n<td>Incluido<\/td>\n<\/tr>\n<tr>\n<td>Peso neto<\/td>\n<td>2,6 kg<\/td>\n<\/tr>\n<tr>\n<td>Electricidad<\/td>\n<td>120V, 8.3A, 50\/60Hz<\/td>\n<\/tr>\n<tr>\n<td>Consumo de energ\u00eda<\/td>\n<td>896 W<\/td>\n<\/tr>\n<tr>\n<td>Certificaci\u00f3n de seguridad<\/td>\n<td>TUV<\/td>\n<\/tr>\n<tr>\n<td>Rango de velocidad<\/td>\n<td>60 a 1600\u00a0\u00a0 rpm<\/td>\n<\/tr>\n<tr>\n<td>Estabilidad de velocidad<\/td>\n<td>+\/-2%<\/td>\n<\/tr>\n<tr>\n<td>Sonda de temperatura<\/td>\n<td>Pt1000<\/td>\n<\/tr>\n<tr>\n<td>Temp. de Estabilidad<\/td>\n<td>Placa de +\/-1\u00a0\u00a0 %, debajo de 100\u00a0\u00a0 \u00b0C +\/-1\u00a0\u00a0 \u00b0C y sonda de +\/-0,5\u00a0\u00a0 %, debajo de 100\u00a0\u00a0 \u00b0C +\/-1\u00a0\u00a0 \u00b0C<\/td>\n<\/tr>\n<tr>\n<td>Temporizador<\/td>\n<td>1 minuto &#8211; 99 horas, 59 minutos<\/td>\n<\/tr>\n<tr>\n<td>Ambiente de trabajo<\/td>\n<td>5 \u00b0C \u2013 40 \u00b0C, 80 % de HR, sin condensaci\u00f3n<\/td>\n<\/tr>\n<\/tbody>\n<\/table>\n<\/div>\n","protected":false},"featured_media":3815,"comment_status":"open","ping_status":"closed","template":"","meta":[],"product_brand":[],"product_cat":[233,199],"product_tag":[],"class_list":{"0":"post-3814","1":"product","2":"type-product","3":"status-publish","4":"has-post-thumbnail","6":"product_cat-plancha-calentadora-y-agitadora-guardian-7000-ohaus","7":"product_cat-planchas-de-calentamiento-ohaus","9":"first","10":"instock","11":"shipping-taxable","12":"product-type-simple"},"_links":{"self":[{"href":"https:\/\/balanzasybasculas.com.co\/index.php?rest_route=\/wp\/v2\/product\/3814","targetHints":{"allow":["GET"]}}],"collection":[{"href":"https:\/\/balanzasybasculas.com.co\/index.php?rest_route=\/wp\/v2\/product"}],"about":[{"href":"https:\/\/balanzasybasculas.com.co\/index.php?rest_route=\/wp\/v2\/types\/product"}],"replies":[{"embeddable":true,"href":"https:\/\/balanzasybasculas.com.co\/index.php?rest_route=%2Fwp%2Fv2%2Fcomments&post=3814"}],"wp:featuredmedia":[{"embeddable":true,"href":"https:\/\/balanzasybasculas.com.co\/index.php?rest_route=\/wp\/v2\/media\/3815"}],"wp:attachment":[{"href":"https:\/\/balanzasybasculas.com.co\/index.php?rest_route=%2Fwp%2Fv2%2Fmedia&parent=3814"}],"wp:term":[{"taxonomy":"product_brand","embeddable":true,"href":"https:\/\/balanzasybasculas.com.co\/index.php?rest_route=%2Fwp%2Fv2%2Fproduct_brand&post=3814"},{"taxonomy":"product_cat","embeddable":true,"href":"https:\/\/balanzasybasculas.com.co\/index.php?rest_route=%2Fwp%2Fv2%2Fproduct_cat&post=3814"},{"taxonomy":"product_tag","embeddable":true,"href":"https:\/\/balanzasybasculas.com.co\/index.php?rest_route=%2Fwp%2Fv2%2Fproduct_tag&post=3814"}],"curies":[{"name":"wp","href":"https:\/\/api.w.org\/{rel}","templated":true}]}}