{"id":5721,"date":"2022-09-15T17:09:18","date_gmt":"2022-09-15T22:09:18","guid":{"rendered":"https:\/\/balanzasybasculas.com.co\/?post_type=product&#038;p=5721"},"modified":"2022-09-19T14:20:18","modified_gmt":"2022-09-19T19:20:18","slug":"basculas-ohaus-defender-6000-i-d61xw-d61xwe50wqr6","status":"publish","type":"product","link":"https:\/\/balanzasybasculas.com.co\/?product=basculas-ohaus-defender-6000-i-d61xw-d61xwe50wqr6","title":{"rendered":"B\u00e1sculas Ohaus Defender 6000 i-D61XW &#8211; D61XWE50WQR6"},"content":{"rendered":"<p>La b\u00e1scula de mesa h\u00edbrida lavable de la serie Defender 6000 es ideal para una gran variedad de aplicaciones, incluidas la producci\u00f3n y el envasado. Construcci\u00f3n duradera y equipada con funciones avanzadas como son: la m\u00e1xima capacidad de impresi\u00f3n, salida de datos GMP\/GLP, gesti\u00f3n de bibliotecas\/usuarios y m\u00faltiples opciones de conectividad, la Defender 6000 est\u00e1 dise\u00f1ada para simplificar aplicaciones industriales y comerciales exigentes.<\/p>\n","protected":false},"excerpt":{"rendered":"<div class=\"col-sm-16\">\n<div class=\"model-section-header\"><strong>ESPECIFICACIONES<\/strong><\/div>\n<div>\n<div id=\"model-specifications\" class=\"model-specifications grey-section\">\n<div class=\"container\">\n<div class=\"col-sm-16\">\n<table class=\"spec-table\">\n<tbody>\n<tr>\n<td>Capacidad m\u00e1xima<\/td>\n<td>50 kg<\/td>\n<\/tr>\n<tr>\n<td>Lectura m\u00ednima<\/td>\n<td>2 g<\/td>\n<\/tr>\n<tr>\n<td>Lectura m\u00ednima (certificada)<\/td>\n<td>10 g<\/td>\n<\/tr>\n<tr>\n<td>Tama\u00f1o de plataforma (LxA)<\/td>\n<td>457 mm x 457 mm<\/td>\n<\/tr>\n<tr>\n<td>Autorizada para comercio<\/td>\n<td>Certificado NTEP;\u00a0 Aprobado por Measurement Canada<\/td>\n<\/tr>\n<tr>\n<td>Alimentaci\u00f3n<\/td>\n<td>Bater\u00eda recargable (no incluida);\u00a0 Corriente AC (incluida)<\/td>\n<\/tr>\n<tr>\n<td>Duraci\u00f3n de la bater\u00eda<\/td>\n<td>No aplica<\/td>\n<\/tr>\n<tr>\n<td>Comunicaci\u00f3n<\/td>\n<td>Ethernet (disponible como accesorio);\u00a0 Segunda RS232\/RS485\/USB (Disponible como un accesorio);\u00a0 RS232;\u00a0 USB Host;\u00a0 WiFi\/Bluetooth (Disponible como accesorio)<\/td>\n<\/tr>\n<tr>\n<td>Dimensiones<\/td>\n<td>627 mm x 947 mm x 457 mm (LxAxA)<\/td>\n<\/tr>\n<tr>\n<td>Pantalla<\/td>\n<td>LED blanco de 7 segmentos, 20 mm de altura + matriz de puntos LED con control de peso de 3 colores<\/td>\n<\/tr>\n<tr>\n<td>Peso neto<\/td>\n<td>20 kg<\/td>\n<\/tr>\n<tr>\n<td>Salidas<\/td>\n<td>4-20 mA;\u00a0 0 \u2013 10 V;\u00a0 2 entradas\/4 salidas digitales E\/S<\/td>\n<\/tr>\n<tr>\n<td>Construcci\u00f3n de la plataforma<\/td>\n<td>Acero inoxidable<\/td>\n<\/tr>\n<tr>\n<td>Clasificaci\u00f3n de protecci\u00f3n<\/td>\n<td>IP69k;\u00a0 IP68<\/td>\n<\/tr>\n<tr>\n<td>Entrada de segunda b\u00e1scula<\/td>\n<td>No aplica<\/td>\n<\/tr>\n<tr>\n<td>Rango de tara<\/td>\n<td>Alcance total por sustracci\u00f3n<\/td>\n<\/tr>\n<tr>\n<td>Unidades de medida<\/td>\n<td>Gramo;\u00a0 Kilogramo;\u00a0 Libra;\u00a0 Onza;\u00a0 Libra: onza<\/td>\n<\/tr>\n<tr>\n<td>Entorno de trabajo<\/td>\n<td>-10 \u00b0C \u2013 40 \u00b0C, 80 % de HR, sin condensaci\u00f3n<\/td>\n<\/tr>\n<\/tbody>\n<\/table>\n<\/div>\n<\/div>\n<\/div>\n<\/div>\n<\/div>\n","protected":false},"featured_media":5723,"comment_status":"open","ping_status":"closed","template":"","meta":[],"product_brand":[],"product_cat":[250,254,129,128,122,118],"product_tag":[],"class_list":{"0":"post-5721","1":"product","2":"type-product","3":"status-publish","4":"has-post-thumbnail","6":"product_cat-bascula-defender-6000-i-d61xw-ohaus","7":"product_cat-bascula-defender-6000-ohaus","8":"product_cat-basculas-defender-ohaus","9":"product_cat-basculas-industriales-ohaus","10":"product_cat-basculas-lavables-ohaus","11":"product_cat-basculas-ohaus","13":"first","14":"instock","15":"shipping-taxable","16":"product-type-simple"},"_links":{"self":[{"href":"https:\/\/balanzasybasculas.com.co\/index.php?rest_route=\/wp\/v2\/product\/5721","targetHints":{"allow":["GET"]}}],"collection":[{"href":"https:\/\/balanzasybasculas.com.co\/index.php?rest_route=\/wp\/v2\/product"}],"about":[{"href":"https:\/\/balanzasybasculas.com.co\/index.php?rest_route=\/wp\/v2\/types\/product"}],"replies":[{"embeddable":true,"href":"https:\/\/balanzasybasculas.com.co\/index.php?rest_route=%2Fwp%2Fv2%2Fcomments&post=5721"}],"wp:featuredmedia":[{"embeddable":true,"href":"https:\/\/balanzasybasculas.com.co\/index.php?rest_route=\/wp\/v2\/media\/5723"}],"wp:attachment":[{"href":"https:\/\/balanzasybasculas.com.co\/index.php?rest_route=%2Fwp%2Fv2%2Fmedia&parent=5721"}],"wp:term":[{"taxonomy":"product_brand","embeddable":true,"href":"https:\/\/balanzasybasculas.com.co\/index.php?rest_route=%2Fwp%2Fv2%2Fproduct_brand&post=5721"},{"taxonomy":"product_cat","embeddable":true,"href":"https:\/\/balanzasybasculas.com.co\/index.php?rest_route=%2Fwp%2Fv2%2Fproduct_cat&post=5721"},{"taxonomy":"product_tag","embeddable":true,"href":"https:\/\/balanzasybasculas.com.co\/index.php?rest_route=%2Fwp%2Fv2%2Fproduct_tag&post=5721"}],"curies":[{"name":"wp","href":"https:\/\/api.w.org\/{rel}","templated":true}]}}