{"id":5991,"date":"2022-10-11T16:27:39","date_gmt":"2022-10-11T21:27:39","guid":{"rendered":"https:\/\/balanzasybasculas.com.co\/?post_type=product&#038;p=5991"},"modified":"2022-10-11T16:28:55","modified_gmt":"2022-10-11T21:28:55","slug":"plancha-de-calentamiento-y-agitacion-guardian-2000-e-g21hsrds","status":"publish","type":"product","link":"https:\/\/balanzasybasculas.com.co\/?product=plancha-de-calentamiento-y-agitacion-guardian-2000-e-g21hsrds","title":{"rendered":"Plancha de Calentamiento y Agitaci\u00f3n Guardian 2000 e-G21HSRDS"},"content":{"rendered":"<p>Las parrillas t\u00e9rmicas y agitadores Guardian 2000(TM) de OHAUS son ideales para entornos educativos y otros entornos de laboratorio que requieren un calentamiento r\u00e1pido y asequible todos los d\u00edas y una agitaci\u00f3n fiable de hasta 15 L. Los tres tama\u00f1os ofrecen un sencillo control de perilla para ajustar f\u00e1cilmente las funciones de calentamiento y agitaci\u00f3n. La carcasa duradera incluye un soporte de varilla integrado que acepta la varilla de soporte opcional. Los modelos de agitaci\u00f3n incluyen barras de agitaci\u00f3n recubiertas de PTFE.<\/p>\n","protected":false},"excerpt":{"rendered":"<div class=\"col-sm-16\">\n<div class=\"model-section-header\"><strong>ESPECIFICACIONES<\/strong><\/div>\n<div>\n<div id=\"model-specifications\" class=\"model-specifications grey-section\">\n<div class=\"container\">\n<div class=\"col-sm-16\">\n<table class=\"spec-table\">\n<tbody>\n<tr>\n<td>Funci\u00f3n<\/td>\n<td>Calentamiento y agitaci\u00f3n<\/td>\n<\/tr>\n<tr>\n<td>Capacidad<\/td>\n<td>15 L<\/td>\n<\/tr>\n<tr>\n<td>Construcci\u00f3n de la placa<\/td>\n<td>Cer\u00e1mica<\/td>\n<\/tr>\n<tr>\n<td>Tama\u00f1o de la placa<\/td>\n<td>178 mm x 178 mm<\/td>\n<\/tr>\n<tr>\n<td>Rango de temp.<\/td>\n<td>70 \u00b0C a 500 \u00b0C<\/td>\n<\/tr>\n<tr>\n<td>Rango de velocidad<\/td>\n<td>200 rpm ;\u00a0 1.600 rpm<\/td>\n<\/tr>\n<tr>\n<td>Control<\/td>\n<td>An\u00e1loga<\/td>\n<\/tr>\n<tr>\n<td>Consumo de energ\u00eda<\/td>\n<td>1.035 W<\/td>\n<\/tr>\n<tr>\n<td>Dimensiones<\/td>\n<td>318 mm x 112 mm x 223 mm (LxAxA)<\/td>\n<\/tr>\n<tr>\n<td>Entorno de trabajo<\/td>\n<td>5\u00b0C \u2013 40\u00b0C, 80% de HR, sin condensaci\u00f3n<\/td>\n<\/tr>\n<tr>\n<td>Intervalo de velocidad<\/td>\n<td>200 a 1600 rpm<\/td>\n<\/tr>\n<tr>\n<td>Peso neto<\/td>\n<td>3,9 kg<\/td>\n<\/tr>\n<tr>\n<td>Certificaci\u00f3n de seguridad<\/td>\n<td>TUV<\/td>\n<\/tr>\n<tr>\n<td>Alimentaci\u00f3n<\/td>\n<td>100 V-120 V~ 10 A 60 Hz<\/td>\n<\/tr>\n<\/tbody>\n<\/table>\n<\/div>\n<\/div>\n<\/div>\n<\/div>\n<\/div>\n","protected":false},"featured_media":5992,"comment_status":"open","ping_status":"closed","template":"","meta":[],"product_brand":[],"product_cat":[257],"product_tag":[],"class_list":{"0":"post-5991","1":"product","2":"type-product","3":"status-publish","4":"has-post-thumbnail","6":"product_cat-plancha-calentadora-y-agitadora-guardian-3000-ohaus","8":"first","9":"instock","10":"shipping-taxable","11":"product-type-simple"},"_links":{"self":[{"href":"https:\/\/balanzasybasculas.com.co\/index.php?rest_route=\/wp\/v2\/product\/5991","targetHints":{"allow":["GET"]}}],"collection":[{"href":"https:\/\/balanzasybasculas.com.co\/index.php?rest_route=\/wp\/v2\/product"}],"about":[{"href":"https:\/\/balanzasybasculas.com.co\/index.php?rest_route=\/wp\/v2\/types\/product"}],"replies":[{"embeddable":true,"href":"https:\/\/balanzasybasculas.com.co\/index.php?rest_route=%2Fwp%2Fv2%2Fcomments&post=5991"}],"wp:featuredmedia":[{"embeddable":true,"href":"https:\/\/balanzasybasculas.com.co\/index.php?rest_route=\/wp\/v2\/media\/5992"}],"wp:attachment":[{"href":"https:\/\/balanzasybasculas.com.co\/index.php?rest_route=%2Fwp%2Fv2%2Fmedia&parent=5991"}],"wp:term":[{"taxonomy":"product_brand","embeddable":true,"href":"https:\/\/balanzasybasculas.com.co\/index.php?rest_route=%2Fwp%2Fv2%2Fproduct_brand&post=5991"},{"taxonomy":"product_cat","embeddable":true,"href":"https:\/\/balanzasybasculas.com.co\/index.php?rest_route=%2Fwp%2Fv2%2Fproduct_cat&post=5991"},{"taxonomy":"product_tag","embeddable":true,"href":"https:\/\/balanzasybasculas.com.co\/index.php?rest_route=%2Fwp%2Fv2%2Fproduct_tag&post=5991"}],"curies":[{"name":"wp","href":"https:\/\/api.w.org\/{rel}","templated":true}]}}