{"id":6446,"date":"2024-02-02T16:04:02","date_gmt":"2024-02-02T21:04:02","guid":{"rendered":"https:\/\/balanzasybasculas.com.co\/?post_type=product&#038;p=6446"},"modified":"2024-02-02T16:30:53","modified_gmt":"2024-02-02T21:30:53","slug":"balanzas-ohaus-adventurer-semi-micro-ax225d","status":"publish","type":"product","link":"https:\/\/balanzasybasculas.com.co\/?product=balanzas-ohaus-adventurer-semi-micro-ax225d","title":{"rendered":"Balanzas Ohaus Adventurer Semi-Micro AX225D"},"content":{"rendered":"<p>Con el equilibrio ideal entre caracter\u00edsticas inventivas y capacidades de pesajes simples y funcionales, la OHAUS Adventurer incorpora todas las aplicaciones necesarias para las actividades de pesaje y medici\u00f3n de rutina. Con una pantalla t\u00e1ctil a color, administraci\u00f3n de usuarios de tres niveles para cumplir con las capacidades de cumplimiento de GLP\/GMP, dos puertos USB y mucho m\u00e1s, la Adventurer es la balanza m\u00e1s completa de su clase.<\/p>\n","protected":false},"excerpt":{"rendered":"<div class=\"col-sm-16\">\n<div class=\"model-section-header\"><strong>ESPECIFICACIONES<\/strong><\/div>\n<div>\n<table class=\"spec-table\">\n<tbody>\n<tr>\n<td>Capacidad m\u00e1xima<\/td>\n<td>102 g\/220 g<\/td>\n<\/tr>\n<tr>\n<td>Lectura m\u00ednima<\/td>\n<td>0,00001 g;\u00a0 0,0001 g<\/td>\n<\/tr>\n<tr>\n<td>Tama\u00f1o del plato<\/td>\n<td>80 mm<\/td>\n<\/tr>\n<tr>\n<td>Calibraci\u00f3n interna<\/td>\n<td>AutoCal\u2122: Autom\u00e1tica<\/td>\n<\/tr>\n<tr>\n<td>Protecci\u00f3n contra corrientes de aire<\/td>\n<td>Incluido<\/td>\n<\/tr>\n<tr>\n<td>Autorizada para comercio<\/td>\n<td>No Aplica<\/td>\n<\/tr>\n<tr>\n<td>Modelo de pantalla auxiliar<\/td>\n<td>Disponible como accesorio<\/td>\n<\/tr>\n<tr>\n<td>Dimensiones<\/td>\n<td>354 mm x 340 mm x 230 mm (LxAxA)<\/td>\n<\/tr>\n<tr>\n<td>Puerta autom\u00e1tica<\/td>\n<td>No Aplica<\/td>\n<\/tr>\n<tr>\n<td>Entorno de trabajo<\/td>\n<td>10\u00a0\u00a0 \u00b0C \u2013 30\u00a0\u00a0 \u00b0C, 80\u00a0\u00a0 % HR, sin condensaci\u00f3n<\/td>\n<\/tr>\n<tr>\n<td>Peso neto<\/td>\n<td>5,1 kg<\/td>\n<\/tr>\n<tr>\n<td>Funda de protecci\u00f3n<\/td>\n<td>Incluido<\/td>\n<\/tr>\n<tr>\n<td>Comunicaci\u00f3n<\/td>\n<td>USB;\u00a0 RS232 (incluido);\u00a0 Host USB<\/td>\n<\/tr>\n<tr>\n<td>Alimentaci\u00f3n<\/td>\n<td>Adaptador de CA (incluido)<\/td>\n<\/tr>\n<tr>\n<td>Unidades de medida<\/td>\n<td>Tael de Singapur;\u00a0 Onza Troy;\u00a0 Pennyweight;\u00a0 Grano;\u00a0 Tical;\u00a0 Personalizado;\u00a0 Miligramo;\u00a0 Momme;\u00a0 Newton;\u00a0 Baht;\u00a0 Tael de Taiw\u00e1n;\u00a0 Gramo;\u00a0 Tael de Hong Kong;\u00a0 Libra;\u00a0 Tola;\u00a0 Mesghal;\u00a0 Quilates;\u00a0 Onza<\/td>\n<\/tr>\n<tr>\n<td>Pantalla<\/td>\n<td>Pantalla t\u00e1ctil a color WQVGA de 4.3\u201d<\/td>\n<\/tr>\n<tr>\n<td>Material del plato<\/td>\n<td>Acero Inoxidable<\/td>\n<\/tr>\n<tr>\n<td>Ionizador incorporado<\/td>\n<td>No<\/td>\n<\/tr>\n<tr>\n<td>Tiempo de estabilizaci\u00f3n<\/td>\n<td>8 s<\/td>\n<\/tr>\n<tr>\n<td>Repetibilidad, t\u00edpica<\/td>\n<td>0,00002 g;\u00a0 0,0001 g<\/td>\n<\/tr>\n<tr>\n<td>Peso m\u00ednimo (USP, 0.1%, t\u00edpico)<\/td>\n<td>20 mg<\/td>\n<\/tr>\n<tr>\n<td>Linealidad \u00b1<\/td>\n<td>0,1 mg<\/td>\n<\/tr>\n<\/tbody>\n<\/table>\n<\/div>\n<\/div>\n","protected":false},"featured_media":6447,"comment_status":"open","ping_status":"closed","template":"","meta":[],"product_brand":[],"product_cat":[90,264,98,99,100,80,101,96],"product_tag":[],"class_list":{"0":"post-6446","1":"product","2":"type-product","3":"status-publish","4":"has-post-thumbnail","6":"product_cat-balanzas-adventurer-ohaus","7":"product_cat-balanzas-adventurer-semi-micro-ohaus","8":"product_cat-balanzas-de-laboratorio-ohaus","9":"product_cat-balanzas-industriales-ohaus","10":"product_cat-balanzas-investigacion-y-desarrollo-ohaus","11":"product_cat-balanzas-ohaus","12":"product_cat-balanzas-para-alimentos-ohaus","13":"product_cat-balanzas-semi-micro-ohaus","15":"first","16":"instock","17":"shipping-taxable","18":"product-type-simple"},"_links":{"self":[{"href":"https:\/\/balanzasybasculas.com.co\/index.php?rest_route=\/wp\/v2\/product\/6446","targetHints":{"allow":["GET"]}}],"collection":[{"href":"https:\/\/balanzasybasculas.com.co\/index.php?rest_route=\/wp\/v2\/product"}],"about":[{"href":"https:\/\/balanzasybasculas.com.co\/index.php?rest_route=\/wp\/v2\/types\/product"}],"replies":[{"embeddable":true,"href":"https:\/\/balanzasybasculas.com.co\/index.php?rest_route=%2Fwp%2Fv2%2Fcomments&post=6446"}],"wp:featuredmedia":[{"embeddable":true,"href":"https:\/\/balanzasybasculas.com.co\/index.php?rest_route=\/wp\/v2\/media\/6447"}],"wp:attachment":[{"href":"https:\/\/balanzasybasculas.com.co\/index.php?rest_route=%2Fwp%2Fv2%2Fmedia&parent=6446"}],"wp:term":[{"taxonomy":"product_brand","embeddable":true,"href":"https:\/\/balanzasybasculas.com.co\/index.php?rest_route=%2Fwp%2Fv2%2Fproduct_brand&post=6446"},{"taxonomy":"product_cat","embeddable":true,"href":"https:\/\/balanzasybasculas.com.co\/index.php?rest_route=%2Fwp%2Fv2%2Fproduct_cat&post=6446"},{"taxonomy":"product_tag","embeddable":true,"href":"https:\/\/balanzasybasculas.com.co\/index.php?rest_route=%2Fwp%2Fv2%2Fproduct_tag&post=6446"}],"curies":[{"name":"wp","href":"https:\/\/api.w.org\/{rel}","templated":true}]}}