{"id":7266,"date":"2024-06-28T15:39:23","date_gmt":"2024-06-28T20:39:23","guid":{"rendered":"https:\/\/balanzasybasculas.com.co\/?post_type=product&#038;p=7266"},"modified":"2024-06-28T15:43:01","modified_gmt":"2024-06-28T20:43:01","slug":"turbidimetros-portatiles-a-ap30turl-f","status":"publish","type":"product","link":"https:\/\/balanzasybasculas.com.co\/?product=turbidimetros-portatiles-a-ap30turl-f","title":{"rendered":"Turbid\u00edmetros Port\u00e1tiles &#8211; a-AP30TURL-F"},"content":{"rendered":"<p>El turbid\u00edmetro port\u00e1til AquaSearcher AP30TUR combina dos m\u00e9todos y elimina la necesidad de comprar dos medidores diferentes para sus aplicaciones de medici\u00f3n de agua. Este medidor est\u00e1 equipado con dos trayectorias \u00f3pticas y detectores para garantizar la precisi\u00f3n y cumplir con las normas de la industria. El AP30TUR est\u00e1 construido de forma robusta para aplicaciones de campo.<\/p>\n","protected":false},"excerpt":{"rendered":"<div class=\"col-sm-16\">\n<div class=\"model-section-header\"><strong>ESPECIFICACIONES<\/strong><\/div>\n<table width=\"953\">\n<tbody>\n<tr>\n<td width=\"443\">Par\u00e1metro(s)<\/td>\n<td width=\"510\">Turbiedad<\/td>\n<\/tr>\n<tr>\n<td>Rango de medici\u00f3n de turbidez NTU<\/td>\n<td>0 &#8211; 200<\/td>\n<\/tr>\n<tr>\n<td>Precisi\u00f3n de turbidez<\/td>\n<td>\u22640.1\u00a0\u00a0 NTU;\u00a0 \u00b15\u00a0\u00a0 %, el valor que sea mayor<\/td>\n<\/tr>\n<tr>\n<td>Reproducibilidad de la turbidez<\/td>\n<td>\u00b11\u00a0\u00a0 %, 10~200\/1000NTU;\u00a0 \u22640.1NTU\uff0c0~10NTU<\/td>\n<\/tr>\n<tr>\n<td>Calibraci\u00f3n<\/td>\n<td>Hasta 8 puntos o est\u00e1ndar opcional<\/td>\n<\/tr>\n<tr>\n<td>Compatibilidad con viales de muestras<\/td>\n<td>Redondos de \u00d825\u00a0\u00a0 mm<\/td>\n<\/tr>\n<tr>\n<td>Dimensiones<\/td>\n<td>170 mm x 44 mm x 72 mm (LxAxA)<\/td>\n<\/tr>\n<tr>\n<td>Pantalla<\/td>\n<td>OLED gr\u00e1fico<\/td>\n<\/tr>\n<tr>\n<td>Teclado (2)<\/td>\n<td>Teclado Light-Touch<\/td>\n<\/tr>\n<tr>\n<td>Peso neto<\/td>\n<td>0,277 kg<\/td>\n<\/tr>\n<tr>\n<td>Alimentaci\u00f3n<\/td>\n<td>4 bater\u00edas AA (LR6) (incluidas)<\/td>\n<\/tr>\n<tr>\n<td>Intervalo de temperatura de almacenamiento-:<\/td>\n<td>10 \u00b0C &#8211; 55 \u00b0C ~ 14 \u00b0F &#8211; 131 \u00b0F<\/td>\n<\/tr>\n<tr>\n<td>L\u00edmite de detecci\u00f3n de turbidez NTU<\/td>\n<td>0<\/td>\n<\/tr>\n<tr>\n<td>Longitud de onda de excitaci\u00f3n de turbidez<\/td>\n<td>LED IR<\/td>\n<\/tr>\n<tr>\n<td>Turbidez del sistema \u00f3ptico<\/td>\n<td>Transmitancia de 0\/180\u00a0\u00a0 grados<\/td>\n<\/tr>\n<tr>\n<td>Altitud de trabajo<\/td>\n<td>Hasta 2000\u00a0\u00a0 m<\/td>\n<\/tr>\n<tr>\n<td>Entorno de trabajo<\/td>\n<td>5\u00b0C \u2013 40\u00b0C, 80% de HR, sin condensaci\u00f3n<\/td>\n<\/tr>\n<\/tbody>\n<\/table>\n<\/div>\n","protected":false},"featured_media":7265,"comment_status":"open","ping_status":"closed","template":"","meta":[],"product_brand":[],"product_cat":[163,266],"product_tag":[],"class_list":{"0":"post-7266","1":"product","2":"type-product","3":"status-publish","4":"has-post-thumbnail","6":"product_cat-electroquimica-ohaus","7":"product_cat-turbidimetros-portatiles","9":"first","10":"instock","11":"shipping-taxable","12":"product-type-simple"},"_links":{"self":[{"href":"https:\/\/balanzasybasculas.com.co\/index.php?rest_route=\/wp\/v2\/product\/7266","targetHints":{"allow":["GET"]}}],"collection":[{"href":"https:\/\/balanzasybasculas.com.co\/index.php?rest_route=\/wp\/v2\/product"}],"about":[{"href":"https:\/\/balanzasybasculas.com.co\/index.php?rest_route=\/wp\/v2\/types\/product"}],"replies":[{"embeddable":true,"href":"https:\/\/balanzasybasculas.com.co\/index.php?rest_route=%2Fwp%2Fv2%2Fcomments&post=7266"}],"wp:featuredmedia":[{"embeddable":true,"href":"https:\/\/balanzasybasculas.com.co\/index.php?rest_route=\/wp\/v2\/media\/7265"}],"wp:attachment":[{"href":"https:\/\/balanzasybasculas.com.co\/index.php?rest_route=%2Fwp%2Fv2%2Fmedia&parent=7266"}],"wp:term":[{"taxonomy":"product_brand","embeddable":true,"href":"https:\/\/balanzasybasculas.com.co\/index.php?rest_route=%2Fwp%2Fv2%2Fproduct_brand&post=7266"},{"taxonomy":"product_cat","embeddable":true,"href":"https:\/\/balanzasybasculas.com.co\/index.php?rest_route=%2Fwp%2Fv2%2Fproduct_cat&post=7266"},{"taxonomy":"product_tag","embeddable":true,"href":"https:\/\/balanzasybasculas.com.co\/index.php?rest_route=%2Fwp%2Fv2%2Fproduct_tag&post=7266"}],"curies":[{"name":"wp","href":"https:\/\/api.w.org\/{rel}","templated":true}]}}