{"id":7764,"date":"2025-02-28T11:45:05","date_gmt":"2025-02-28T16:45:05","guid":{"rendered":"https:\/\/balanzasybasculas.com.co\/?post_type=product&#038;p=7764"},"modified":"2025-02-28T11:48:12","modified_gmt":"2025-02-28T16:48:12","slug":"balanza-ohaus-pioneer-precision-de-alta-capacidad-px12001","status":"publish","type":"product","link":"https:\/\/balanzasybasculas.com.co\/?product=balanza-ohaus-pioneer-precision-de-alta-capacidad-px12001","title":{"rendered":"Balanza Ohaus Pioneer Precisi\u00f3n de alta capacidad  PX12001"},"content":{"rendered":"<p>La serie Pioneer PX combina la funcionalidad del pesaje esencial con un rendimiento competitivo, que ofrece alta precisi\u00f3n y repetibilidad para aplicaciones en entornos de laboratorio, industriales y educativos. La PX tiene un precio accesible y est\u00e1 dise\u00f1ada intuitivamente para un funcionamiento inteligente con una pantalla de segunda l\u00ednea para obtener informaci\u00f3n adicional y conectividad USB y RS232 para facilitar la comunicaci\u00f3n.<\/p>\n","protected":false},"excerpt":{"rendered":"<div class=\"col-sm-16\">\n<div class=\"model-section-header\"><strong>ESPECIFICACIONES<\/strong><\/div>\n<\/div>\n<div class=\"col-sm-16\">\n<table width=\"1127\">\n<tbody>\n<tr>\n<td width=\"489\"><strong>Capacidad m\u00e1xima<\/strong><\/td>\n<td width=\"638\">12.000 g<\/td>\n<\/tr>\n<tr>\n<td width=\"489\"><strong>Lectura m\u00ednima<\/strong><\/td>\n<td width=\"638\">0,1 g<\/td>\n<\/tr>\n<tr>\n<td width=\"489\"><strong>Tama\u00f1o del plato<\/strong><\/td>\n<td width=\"638\">248 mm x 193 mm<\/td>\n<\/tr>\n<tr>\n<td width=\"489\"><strong>Calibraci\u00f3n interna<\/strong><\/td>\n<td width=\"638\">InCal\u2122: semiautom\u00e1tico<\/td>\n<\/tr>\n<tr>\n<td width=\"489\"><strong>Protecci\u00f3n contra corrientes de aire<\/strong><\/td>\n<td width=\"638\">\u2014<\/td>\n<\/tr>\n<tr>\n<td width=\"489\"><strong>Dimensiones<\/strong><\/td>\n<td width=\"638\">321 mm x 101 mm x 209 mm (LxAxA)<\/td>\n<\/tr>\n<tr>\n<td width=\"489\"><strong>Duraci\u00f3n de la bater\u00eda<\/strong><\/td>\n<td width=\"638\">No Aplica<\/td>\n<\/tr>\n<tr>\n<td width=\"489\"><strong>Autorizada para comercio<\/strong><\/td>\n<td width=\"638\">No Aplica<\/td>\n<\/tr>\n<tr>\n<td width=\"489\"><strong>Modelo de pantalla auxiliar<\/strong><\/td>\n<td width=\"638\">Disponible como accesorio<\/td>\n<\/tr>\n<tr>\n<td width=\"489\"><strong>Puerta autom\u00e1tica<\/strong><\/td>\n<td width=\"638\">No Aplica<\/td>\n<\/tr>\n<tr>\n<td width=\"489\"><strong>Rango de tara<\/strong><\/td>\n<td width=\"638\">Capacidad total por sustracci\u00f3n<\/td>\n<\/tr>\n<tr>\n<td width=\"489\"><strong>Entorno de trabajo<\/strong><\/td>\n<td width=\"638\">funcionamiento garantizado entre 5\u00a0\u00a0 \u00b0C y 40\u00a0\u00a0 \u00b0C;\u00a0 10\u00a0\u00a0 \u00b0C \u2013 30\u00a0\u00a0 \u00b0C, 80\u00a0\u00a0 % HR, sin condensaci\u00f3n<\/td>\n<\/tr>\n<tr>\n<td width=\"489\"><strong>Peso neto<\/strong><\/td>\n<td width=\"638\">3,5 kg<\/td>\n<\/tr>\n<tr>\n<td width=\"489\"><strong>Funda de protecci\u00f3n<\/strong><\/td>\n<td width=\"638\">Incluido<\/td>\n<\/tr>\n<tr>\n<td width=\"489\"><strong>Comunicaci\u00f3n<\/strong><\/td>\n<td width=\"638\">USB;\u00a0 RS232<\/td>\n<\/tr>\n<tr>\n<td width=\"489\"><strong>Alimentaci\u00f3n<\/strong><\/td>\n<td width=\"638\">Adaptador de CA (incluido)<\/td>\n<\/tr>\n<tr>\n<td width=\"489\"><strong>Unidades de medida<\/strong><\/td>\n<td width=\"638\">Tael de Singapur;\u00a0 Pennyweight;\u00a0 Onza Troy;\u00a0 Kilogramo;\u00a0 Grano;\u00a0 Tical;\u00a0 Personalizado;\u00a0 Newton;\u00a0 Momme;\u00a0 Tael de Taiw\u00e1n;\u00a0 Baht;\u00a0 Gramo;\u00a0 Tael de Hong Kong;\u00a0 Libra;\u00a0 Tola;\u00a0 Mesghal;\u00a0 Onza;\u00a0 Quilates<\/td>\n<\/tr>\n<tr>\n<td width=\"489\"><strong>Pantalla<\/strong><\/td>\n<td width=\"638\">LCD de 2 l\u00edneas con luz de fondo<\/td>\n<\/tr>\n<tr>\n<td width=\"489\"><strong>Material del plato<\/strong><\/td>\n<td width=\"638\">Acero Inoxidable<\/td>\n<\/tr>\n<tr>\n<td width=\"489\"><strong>Ionizador incorporado<\/strong><\/td>\n<td width=\"638\">No<\/td>\n<\/tr>\n<tr>\n<td width=\"489\"><strong>Tiempo de estabilizaci\u00f3n<\/strong><\/td>\n<td width=\"638\">1 s<\/td>\n<\/tr>\n<\/tbody>\n<\/table>\n<\/div>\n","protected":false},"featured_media":7765,"comment_status":"open","ping_status":"closed","template":"","meta":[],"product_brand":[],"product_cat":[98,100,80,89,94],"product_tag":[],"class_list":{"0":"post-7764","1":"product","2":"type-product","3":"status-publish","4":"has-post-thumbnail","6":"product_cat-balanzas-de-laboratorio-ohaus","7":"product_cat-balanzas-investigacion-y-desarrollo-ohaus","8":"product_cat-balanzas-ohaus","9":"product_cat-balanzas-pioneer-ohaus","10":"product_cat-balanzas-pioneer-precision-ohaus","12":"first","13":"instock","14":"shipping-taxable","15":"product-type-simple"},"_links":{"self":[{"href":"https:\/\/balanzasybasculas.com.co\/index.php?rest_route=\/wp\/v2\/product\/7764","targetHints":{"allow":["GET"]}}],"collection":[{"href":"https:\/\/balanzasybasculas.com.co\/index.php?rest_route=\/wp\/v2\/product"}],"about":[{"href":"https:\/\/balanzasybasculas.com.co\/index.php?rest_route=\/wp\/v2\/types\/product"}],"replies":[{"embeddable":true,"href":"https:\/\/balanzasybasculas.com.co\/index.php?rest_route=%2Fwp%2Fv2%2Fcomments&post=7764"}],"wp:featuredmedia":[{"embeddable":true,"href":"https:\/\/balanzasybasculas.com.co\/index.php?rest_route=\/wp\/v2\/media\/7765"}],"wp:attachment":[{"href":"https:\/\/balanzasybasculas.com.co\/index.php?rest_route=%2Fwp%2Fv2%2Fmedia&parent=7764"}],"wp:term":[{"taxonomy":"product_brand","embeddable":true,"href":"https:\/\/balanzasybasculas.com.co\/index.php?rest_route=%2Fwp%2Fv2%2Fproduct_brand&post=7764"},{"taxonomy":"product_cat","embeddable":true,"href":"https:\/\/balanzasybasculas.com.co\/index.php?rest_route=%2Fwp%2Fv2%2Fproduct_cat&post=7764"},{"taxonomy":"product_tag","embeddable":true,"href":"https:\/\/balanzasybasculas.com.co\/index.php?rest_route=%2Fwp%2Fv2%2Fproduct_tag&post=7764"}],"curies":[{"name":"wp","href":"https:\/\/api.w.org\/{rel}","templated":true}]}}