{"id":7850,"date":"2025-05-07T11:20:08","date_gmt":"2025-05-07T16:20:08","guid":{"rendered":"https:\/\/balanzasybasculas.com.co\/?post_type=product&#038;p=7850"},"modified":"2025-05-07T11:35:49","modified_gmt":"2025-05-07T16:35:49","slug":"ad4971-detectores-de-metales-de-cabezal-unico","status":"publish","type":"product","link":"https:\/\/balanzasybasculas.com.co\/?product=ad4971-detectores-de-metales-de-cabezal-unico","title":{"rendered":"AD4971 Detectores de metales de cabezal \u00fanico"},"content":{"rendered":"<p><span>Para instalaciones existentes, los detectores de metales de cabezal \u00fanico de A&amp;D le ayudan a reducir costos al modernizar su transportador en l\u00ednea. Con un dise\u00f1o lavable de grado alimenticio (IP69K) y excelentes caracter\u00edsticas como una alarma audible, una torre de comunicaci\u00f3n LED y generaci\u00f3n de informes con un solo toque, reemplazar el cabezal de su detector de metales le permite obtener las funciones m\u00e1s solicitadas a una fracci\u00f3n del costo de un reemplazo completo.\u00a0<\/span><\/p>\n<h3><span>Conectividad<\/span><\/h3>\n<p><span>Transfiera datos hacia y desde el panel de control mediante una conexi\u00f3n USB o Ethernet. Los puertos cubiertos permanecen herm\u00e9ticos y protegidos durante la limpieza.\u00a0<\/span><\/p>\n<h3><span>Dise\u00f1o lavable de grado alimenticio:<\/span><\/h3>\n<ul>\n<li><span>Todo en acero inoxidable 304 con soldaduras sanitarias.<\/span><\/li>\n<li><span>Pantalla t\u00e1ctil protegida y resistente a ara\u00f1azos<\/span><\/li>\n<\/ul>\n","protected":false},"excerpt":{"rendered":"<h3>Caracter\u00edsticas est\u00e1ndar<\/h3>\n<ul>\n<li>Carcasa y gabinete de acero inoxidable 304, tipo NEMA 4X<\/li>\n<li>Clasificaci\u00f3n IP69 (IP69K opcional)<\/li>\n<li>Pantalla t\u00e1ctil a color de 7 pulgadas<\/li>\n<li>Conectividad USB y Ethernet<\/li>\n<li>Torre de comunicaci\u00f3n con pantalla LED<\/li>\n<li>Alarma audible<\/li>\n<li>Caja de conexiones de un solo punto<\/li>\n<li>Requisitos de voltaje: 100 a 240 VCA, 50 o 60 Hz<\/li>\n<li>9 salidas programables (para rechazos, fallas, avisos, etc.)<\/li>\n<li>8 entradas configurables (para fotoc\u00e9lulas, sistemas de rechazo, etc.) que pueden configurarse como activas altas o activas bajas<\/li>\n<li>Rango de temperatura ambiente de funcionamiento: Control integral 14 \u00b0F (-10 \u00b0C) a 120 \u00b0F (49 \u00b0C) Control remoto 14 \u00b0F (-10 \u00b0C) a 130 \u00b0F (54 \u00b0C)<\/li>\n<li>Temperatura de almacenamiento: 14 \u00b0F (-10 \u00b0C) a 175 \u00b0F (80 \u00b0C) \u00bb Altitud m\u00e1xima de funcionamiento: 6561 pies (2000 metros)<\/li>\n<li>Acceso protegido con contrase\u00f1a con l\u00edmites y rechazos de productos f\u00e1cilmente gestionables<\/li>\n<li>Informes de registro con un solo toque<\/li>\n<li>Acceso a funciones, configuraciones y registros almacenados<\/li>\n<li>Cuatro niveles de acceso de usuario<\/li>\n<li>Configuraci\u00f3n autom\u00e1tica y aprendizaje del producto<\/li>\n<\/ul>\n<table width=\"765\">\n<tbody>\n<tr>\n<td width=\"185\"><strong>AD4971-H0804<\/strong><\/td>\n<td width=\"580\">Cabezal detector de metales de 8 pulgadas de ancho x 4 pulgadas de alto<\/td>\n<\/tr>\n<tr>\n<td><strong>AD4971-H0806<\/strong><\/td>\n<td>Cabezal detector de metales de 8 pulgadas de ancho x 6 pulgadas de alto<\/td>\n<\/tr>\n<tr>\n<td><strong>AD4971-H0808<\/strong><\/td>\n<td>Cabezal detector de metales de 8 pulgadas de ancho x 8 pulgadas de alto<\/td>\n<\/tr>\n<tr>\n<td><strong>AD4971-H0810<\/strong><\/td>\n<td>Cabezal detector de metales de 8 pulgadas de ancho x 10 pulgadas de alto<\/td>\n<\/tr>\n<tr>\n<td><strong>AD4971-H0812<\/strong><\/td>\n<td>Cabezal detector de metales de 8 de ancho x 12 de alto<\/td>\n<\/tr>\n<tr>\n<td><strong>AD4971-H1406<\/strong><\/td>\n<td>Cabezal detector de metales de 14 W x 6 H<\/td>\n<\/tr>\n<tr>\n<td><strong>AD4971-H1408<\/strong><\/td>\n<td>Cabezal detector de metales de 14 W x 8 H<\/td>\n<\/tr>\n<tr>\n<td><strong>AD4971-H1410<\/strong><\/td>\n<td>Cabezal detector de metales de 14 W x 10 H<\/td>\n<\/tr>\n<tr>\n<td><strong>AD4971-H1412<\/strong><\/td>\n<td>Cabezal detector de metales de 14 W x 12 H<\/td>\n<\/tr>\n<tr>\n<td><strong>AD4971-H1414<\/strong><\/td>\n<td>Cabezal detector de metales de 14 ancho x 14 alto<\/td>\n<\/tr>\n<tr>\n<td><strong>AD4971-H2006<\/strong><\/td>\n<td>Cabezal detector de metales de 20 W x 6 H<\/td>\n<\/tr>\n<tr>\n<td><strong>AD4971-H2008<\/strong><\/td>\n<td>Cabezal detector de metales de 20 W x 8 H<\/td>\n<\/tr>\n<tr>\n<td><strong>AD4971-H2010<\/strong><\/td>\n<td>Cabezal detector de metales de 20 W x 10 H<\/td>\n<\/tr>\n<tr>\n<td><strong>AD4971-H2012<\/strong><\/td>\n<td>Cabezal detector de metales de 20 W x 12 H<\/td>\n<\/tr>\n<tr>\n<td><strong>AD4971-H2014<\/strong><\/td>\n<td>Cabezal detector de metales de 20 W x 14 H<\/td>\n<\/tr>\n<tr>\n<td><strong>AD4971-H2016<\/strong><\/td>\n<td>Cabezal detector de metales de 20 W x 16 H<\/td>\n<\/tr>\n<tr>\n<td><strong>AD4971-H2018<\/strong><\/td>\n<td>Cabezal detector de metales de 20 W x 18 H<\/td>\n<\/tr>\n<tr>\n<td><strong>AD4971-H2020<\/strong><\/td>\n<td>Cabezal detector de metales de 20 W x 20 H<\/td>\n<\/tr>\n<tr>\n<td><strong>AD4971-H2606<\/strong><\/td>\n<td>Cabezal detector de metales de 26 W x 6 H<\/td>\n<\/tr>\n<tr>\n<td><strong>AD4971-H2608<\/strong><\/td>\n<td>Cabezal detector de metales de 26 W x 8 H<\/td>\n<\/tr>\n<tr>\n<td><strong>AD4971-H2610<\/strong><\/td>\n<td>Cabezal detector de metales de 26 W x 10 H<\/td>\n<\/tr>\n<tr>\n<td><strong>AD4971-H2612<\/strong><\/td>\n<td>Cabezal detector de metales de 26 W x 12 H<\/td>\n<\/tr>\n<tr>\n<td><strong>AD4971-H2614<\/strong><\/td>\n<td>Cabezal detector de metales de 26 W x 14 H<\/td>\n<\/tr>\n<tr>\n<td><strong>AD4971-H2616<\/strong><\/td>\n<td>Cabezal detector de metales de 26 W x 16 H<\/td>\n<\/tr>\n<tr>\n<td><strong>AD4971-H2618<\/strong><\/td>\n<td>Cabezal detector de metales de 26 W x 18 H<\/td>\n<\/tr>\n<tr>\n<td><strong>AD4971-H2620<\/strong><\/td>\n<td>Cabezal detector de metales de 26 W x 20 H<\/td>\n<\/tr>\n<\/tbody>\n<\/table>\n<p>&nbsp;<\/p>\n<p>&nbsp;<\/p>\n","protected":false},"featured_media":7851,"comment_status":"open","ping_status":"closed","template":"","meta":[],"product_brand":[],"product_cat":[275,278],"product_tag":[],"class_list":{"0":"post-7850","1":"product","2":"type-product","3":"status-publish","4":"has-post-thumbnail","6":"product_cat-chequeador","7":"product_cat-detectores-de-metales","9":"first","10":"instock","11":"shipping-taxable","12":"product-type-simple"},"_links":{"self":[{"href":"https:\/\/balanzasybasculas.com.co\/index.php?rest_route=\/wp\/v2\/product\/7850","targetHints":{"allow":["GET"]}}],"collection":[{"href":"https:\/\/balanzasybasculas.com.co\/index.php?rest_route=\/wp\/v2\/product"}],"about":[{"href":"https:\/\/balanzasybasculas.com.co\/index.php?rest_route=\/wp\/v2\/types\/product"}],"replies":[{"embeddable":true,"href":"https:\/\/balanzasybasculas.com.co\/index.php?rest_route=%2Fwp%2Fv2%2Fcomments&post=7850"}],"wp:featuredmedia":[{"embeddable":true,"href":"https:\/\/balanzasybasculas.com.co\/index.php?rest_route=\/wp\/v2\/media\/7851"}],"wp:attachment":[{"href":"https:\/\/balanzasybasculas.com.co\/index.php?rest_route=%2Fwp%2Fv2%2Fmedia&parent=7850"}],"wp:term":[{"taxonomy":"product_brand","embeddable":true,"href":"https:\/\/balanzasybasculas.com.co\/index.php?rest_route=%2Fwp%2Fv2%2Fproduct_brand&post=7850"},{"taxonomy":"product_cat","embeddable":true,"href":"https:\/\/balanzasybasculas.com.co\/index.php?rest_route=%2Fwp%2Fv2%2Fproduct_cat&post=7850"},{"taxonomy":"product_tag","embeddable":true,"href":"https:\/\/balanzasybasculas.com.co\/index.php?rest_route=%2Fwp%2Fv2%2Fproduct_tag&post=7850"}],"curies":[{"name":"wp","href":"https:\/\/api.w.org\/{rel}","templated":true}]}}