{"id":8350,"date":"2026-04-10T16:16:55","date_gmt":"2026-04-10T21:16:55","guid":{"rendered":"https:\/\/balanzasybasculas.com.co\/?post_type=product&#038;p=8350"},"modified":"2026-04-10T16:20:32","modified_gmt":"2026-04-10T21:20:32","slug":"rotator-genie-multimodo-ohaus-rt23si-r100us","status":"publish","type":"product","link":"https:\/\/balanzasybasculas.com.co\/?product=rotator-genie-multimodo-ohaus-rt23si-r100us","title":{"rendered":"Rotator Genie multimodo Ohaus RT23(SI-R100US)"},"content":{"rendered":"<p>Los rotadores Genie combinan rotaci\u00f3n y balanceo en un dise\u00f1o compacto y vers\u00e1til. El sistema magneto-m\u00e1gico cuenta con una plataforma magn\u00e9tica, placas de sujeci\u00f3n y tiras de bolsas que sujetan firmemente varios contenedores giratorios en cualquier \u00e1ngulo y en cualquier combinaci\u00f3n. La bandeja basculante se adapta a contenedores abiertos grandes. Los accesorios orbitales 3D y horizontales convierten el Roto-Shake Genie en un agitador orbital. El control de pantalla t\u00e1ctil permite a Roto-Rock Genie programar ciclos combinados de balanceo y rotaci\u00f3n.<\/p>\n","protected":false},"excerpt":{"rendered":"<div class=\"col-sm-16\">\n<div class=\"model-section-header\"><strong>ESPECIFICACIONES<\/strong><\/div>\n<table width=\"971\">\n<tbody>\n<tr>\n<td width=\"520\"><strong>Movimiento<\/strong><\/td>\n<td width=\"451\">Balanceo;\u00a0 Rotaci\u00f3n;\u00a0 Conmutaci\u00f3n autom\u00e1tica temporizada de balanceo\/rotaci\u00f3n<\/td>\n<\/tr>\n<tr>\n<td width=\"520\"><strong>Capacidad<\/strong><\/td>\n<td width=\"451\">4.5 kg \/10 lb centrado en el eje para rotaci\u00f3n \/ balanceo<\/td>\n<\/tr>\n<tr>\n<td width=\"520\"><strong>Tama\u00f1o de la bandeja<\/strong><\/td>\n<td width=\"451\">300 mm x 300 mm (LxA)<\/td>\n<\/tr>\n<tr>\n<td width=\"520\"><strong>Temporizador<\/strong><\/td>\n<td width=\"451\">1 s &#8211; 5.999 min<\/td>\n<\/tr>\n<tr>\n<td width=\"520\"><strong>Control<\/strong><\/td>\n<td width=\"451\">Control t\u00e1ctil<\/td>\n<\/tr>\n<tr>\n<td width=\"520\"><strong>Dimensiones<\/strong><\/td>\n<td width=\"451\">300 mm x 380 mm x 400 mm (LxAxA)<\/td>\n<\/tr>\n<tr>\n<td width=\"520\"><strong>Velocidad de balanceo<\/strong><\/td>\n<td width=\"451\">1 rpm &#8211; 70 rpm<\/td>\n<\/tr>\n<tr>\n<td width=\"520\"><strong>Pantalla<\/strong><\/td>\n<td width=\"451\">LCD<\/td>\n<\/tr>\n<tr>\n<td width=\"520\"><strong>Tama\u00f1o de la plataforma magn\u00e9tica<\/strong><\/td>\n<td width=\"451\">250 mm x 320 mm (LxA)<\/td>\n<\/tr>\n<tr>\n<td width=\"520\"><strong>Entorno de trabajo<\/strong><\/td>\n<td width=\"451\">0 \u00b0C &#8211; 38 \u00b0C, 95% de HR, sin condensaci\u00f3n<\/td>\n<\/tr>\n<tr>\n<td width=\"520\"><strong>\u00c1ngulo de inclinaci\u00f3n<\/strong><\/td>\n<td width=\"451\">0 \u2013 25\u00b0<\/td>\n<\/tr>\n<tr>\n<td width=\"520\"><strong>Accesorios incluidos<\/strong><\/td>\n<td width=\"451\">Bandeja basculante;\u00a0 Plataforma magn\u00e9tica<\/td>\n<\/tr>\n<tr>\n<td width=\"520\"><strong>Peso neto<\/strong><\/td>\n<td width=\"451\">9,7 kg<\/td>\n<\/tr>\n<tr>\n<td width=\"520\"><strong>Certificaci\u00f3n de seguridad<\/strong><\/td>\n<td width=\"451\">CE<\/td>\n<\/tr>\n<tr>\n<td width=\"520\"><strong>Velocidad de rotaci\u00f3n<\/strong><\/td>\n<td width=\"451\">1 rpm &#8211; 35 rpm<\/td>\n<\/tr>\n<tr>\n<td width=\"520\"><strong>Alimentaci\u00f3n<\/strong><\/td>\n<td width=\"451\">24 V DC, 2.5A<\/td>\n<\/tr>\n<\/tbody>\n<\/table>\n<\/div>\n","protected":false},"featured_media":8351,"comment_status":"open","ping_status":"closed","template":"","meta":[],"product_brand":[],"product_cat":[177,178,175,282],"product_tag":[],"class_list":{"0":"post-8350","1":"product","2":"type-product","3":"status-publish","4":"has-post-thumbnail","6":"product_cat-agitadores-ohaus","7":"product_cat-agitadores-orbitales-ohaus","8":"product_cat-equipos-de-laboratorio-ohaus","9":"product_cat-rotator-genie-multimodo","11":"first","12":"instock","13":"shipping-taxable","14":"product-type-simple"},"_links":{"self":[{"href":"https:\/\/balanzasybasculas.com.co\/index.php?rest_route=\/wp\/v2\/product\/8350","targetHints":{"allow":["GET"]}}],"collection":[{"href":"https:\/\/balanzasybasculas.com.co\/index.php?rest_route=\/wp\/v2\/product"}],"about":[{"href":"https:\/\/balanzasybasculas.com.co\/index.php?rest_route=\/wp\/v2\/types\/product"}],"replies":[{"embeddable":true,"href":"https:\/\/balanzasybasculas.com.co\/index.php?rest_route=%2Fwp%2Fv2%2Fcomments&post=8350"}],"wp:featuredmedia":[{"embeddable":true,"href":"https:\/\/balanzasybasculas.com.co\/index.php?rest_route=\/wp\/v2\/media\/8351"}],"wp:attachment":[{"href":"https:\/\/balanzasybasculas.com.co\/index.php?rest_route=%2Fwp%2Fv2%2Fmedia&parent=8350"}],"wp:term":[{"taxonomy":"product_brand","embeddable":true,"href":"https:\/\/balanzasybasculas.com.co\/index.php?rest_route=%2Fwp%2Fv2%2Fproduct_brand&post=8350"},{"taxonomy":"product_cat","embeddable":true,"href":"https:\/\/balanzasybasculas.com.co\/index.php?rest_route=%2Fwp%2Fv2%2Fproduct_cat&post=8350"},{"taxonomy":"product_tag","embeddable":true,"href":"https:\/\/balanzasybasculas.com.co\/index.php?rest_route=%2Fwp%2Fv2%2Fproduct_tag&post=8350"}],"curies":[{"name":"wp","href":"https:\/\/api.w.org\/{rel}","templated":true}]}}